{"id":1985,"date":"2024-05-10T12:26:54","date_gmt":"2024-05-10T12:26:54","guid":{"rendered":"https:\/\/museu-angra.cultura.azores.gov.pt\/exhibitions\/as-mulheres-da-terra\/"},"modified":"2024-06-07T11:20:54","modified_gmt":"2024-06-07T11:20:54","slug":"as-mulheres-da-terra","status":"publish","type":"exhibition","link":"https:\/\/museu-angra.cultura.azores.gov.pt\/en\/exhibitions\/as-mulheres-da-terra\/","title":{"rendered":"As Mulheres da Terra"},"content":{"rendered":"\n<p>Lisandra, Beatriz, Virg\u00ednia, Ver\u00f3nica, Denise, N\u00e9lia, Isilda e Urselina, these are the names of eight azorean women, their age ranging from 21 to 80. Some of them work full time in the fields, looking after the animals, to others this work is part of their free time, when they help their families with this dificult daily labor. Labor which is still a fundamental source of income to many families in Terceira Island. With the over all dominance of men in this field of work, these women are like a warm ray of sunshine in the cold of winter. They show strength, beyond any limitations or preconceptions. And as many of they say they are only helping their husbands, it is clear to see, as they work, that they are not mearly helping, they are doing what needs to be done. This exhibit exists to showcase every woman who chooses to do hard jobs and still remembers to see the beauty in them every day.<\/p>\n","protected":false},"excerpt":{"rendered":"<p>Lisandra, Beatriz, Virg\u00ednia, Ver\u00f3nica, Denise, N\u00e9lia, Isilda e Urselina, these are the names of eight azorean women, their age ranging from 21 to 80. Some of them work full time in the fields, looking after the animals, to others this work is part of their free time, when they help their families with this dificult [&hellip;]<\/p>\n","protected":false},"template":"","exhibition_types":[25],"class_list":["post-1985","exhibition","type-exhibition","status-publish","hentry","exhibition_types-temporary"],"acf":[],"yoast_head":"<!-- This site is optimized with the Yoast SEO plugin v27.4 - https:\/\/yoast.com\/product\/yoast-seo-wordpress\/ -->\n<title>As Mulheres da Terra - Museum of Angra do Heroismo<\/title>\n<meta name=\"robots\" content=\"index, follow, max-snippet:-1, max-image-preview:large, max-video-preview:-1\" \/>\n<link rel=\"canonical\" href=\"https:\/\/museu-angra.cultura.azores.gov.pt\/en\/exhibitions\/as-mulheres-da-terra\/\" \/>\n<meta property=\"og:locale\" content=\"en_US\" \/>\n<meta property=\"og:type\" content=\"article\" \/>\n<meta property=\"og:title\" content=\"As Mulheres da Terra - Museum of Angra do Heroismo\" \/>\n<meta property=\"og:description\" content=\"Lisandra, Beatriz, Virg\u00ednia, Ver\u00f3nica, Denise, N\u00e9lia, Isilda e Urselina, these are the names of eight azorean women, their age ranging from 21 to 80. Some of them work full time in the fields, looking after the animals, to others this work is part of their free time, when they help their families with this dificult [&hellip;]\" \/>\n<meta property=\"og:url\" content=\"https:\/\/museu-angra.cultura.azores.gov.pt\/en\/exhibitions\/as-mulheres-da-terra\/\" \/>\n<meta property=\"og:site_name\" content=\"Museum of Angra do Heroismo\" \/>\n<meta property=\"article:publisher\" content=\"https:\/\/www.facebook.com\/MuseuDeAngraDoHeroismo\" \/>\n<meta property=\"article:modified_time\" content=\"2024-06-07T11:20:54+00:00\" \/>\n<meta name=\"twitter:card\" content=\"summary_large_image\" \/>\n<meta name=\"twitter:label1\" content=\"Est. reading time\" \/>\n\t<meta name=\"twitter:data1\" content=\"1 minute\" \/>\n<script type=\"application\/ld+json\" class=\"yoast-schema-graph\">{\"@context\":\"https:\\\/\\\/schema.org\",\"@graph\":[{\"@type\":\"WebPage\",\"@id\":\"https:\\\/\\\/museu-angra.cultura.azores.gov.pt\\\/en\\\/exhibitions\\\/as-mulheres-da-terra\\\/\",\"url\":\"https:\\\/\\\/museu-angra.cultura.azores.gov.pt\\\/en\\\/exhibitions\\\/as-mulheres-da-terra\\\/\",\"name\":\"As Mulheres da Terra - Museum of Angra do Heroismo\",\"isPartOf\":{\"@id\":\"https:\\\/\\\/museu-angra.cultura.azores.gov.pt\\\/en\\\/#website\"},\"datePublished\":\"2024-05-10T12:26:54+00:00\",\"dateModified\":\"2024-06-07T11:20:54+00:00\",\"breadcrumb\":{\"@id\":\"https:\\\/\\\/museu-angra.cultura.azores.gov.pt\\\/en\\\/exhibitions\\\/as-mulheres-da-terra\\\/#breadcrumb\"},\"inLanguage\":\"en-US\",\"potentialAction\":[{\"@type\":\"ReadAction\",\"target\":[\"https:\\\/\\\/museu-angra.cultura.azores.gov.pt\\\/en\\\/exhibitions\\\/as-mulheres-da-terra\\\/\"]}]},{\"@type\":\"BreadcrumbList\",\"@id\":\"https:\\\/\\\/museu-angra.cultura.azores.gov.pt\\\/en\\\/exhibitions\\\/as-mulheres-da-terra\\\/#breadcrumb\",\"itemListElement\":[{\"@type\":\"ListItem\",\"position\":1,\"name\":\"In\u00edcio\",\"item\":\"https:\\\/\\\/museu-angra.cultura.azores.gov.pt\\\/en\\\/\"},{\"@type\":\"ListItem\",\"position\":2,\"name\":\"Exhibitions\",\"item\":\"https:\\\/\\\/museu-angra.cultura.azores.gov.pt\\\/en\\\/exhibitions\\\/\"},{\"@type\":\"ListItem\",\"position\":3,\"name\":\"As Mulheres da Terra\"}]},{\"@type\":\"WebSite\",\"@id\":\"https:\\\/\\\/museu-angra.cultura.azores.gov.pt\\\/en\\\/#website\",\"url\":\"https:\\\/\\\/museu-angra.cultura.azores.gov.pt\\\/en\\\/\",\"name\":\"Museu de Angra do Hero\u00edsmo\",\"description\":\"Website do Museu de Angra do Heroismo.\",\"publisher\":{\"@id\":\"https:\\\/\\\/museu-angra.cultura.azores.gov.pt\\\/en\\\/#organization\"},\"potentialAction\":[{\"@type\":\"SearchAction\",\"target\":{\"@type\":\"EntryPoint\",\"urlTemplate\":\"https:\\\/\\\/museu-angra.cultura.azores.gov.pt\\\/en\\\/?s={search_term_string}\"},\"query-input\":{\"@type\":\"PropertyValueSpecification\",\"valueRequired\":true,\"valueName\":\"search_term_string\"}}],\"inLanguage\":\"en-US\"},{\"@type\":\"Organization\",\"@id\":\"https:\\\/\\\/museu-angra.cultura.azores.gov.pt\\\/en\\\/#organization\",\"name\":\"Museu de Angra do Hero\u00edsmo\",\"url\":\"https:\\\/\\\/museu-angra.cultura.azores.gov.pt\\\/en\\\/\",\"logo\":{\"@type\":\"ImageObject\",\"inLanguage\":\"en-US\",\"@id\":\"https:\\\/\\\/museu-angra.cultura.azores.gov.pt\\\/en\\\/#\\\/schema\\\/logo\\\/image\\\/\",\"url\":\"https:\\\/\\\/museu-angra.cultura.azores.gov.pt\\\/wp-content\\\/uploads\\\/2024\\\/01\\\/MicrosoftTeams-image-1.png\",\"contentUrl\":\"https:\\\/\\\/museu-angra.cultura.azores.gov.pt\\\/wp-content\\\/uploads\\\/2024\\\/01\\\/MicrosoftTeams-image-1.png\",\"width\":512,\"height\":512,\"caption\":\"Museu de Angra do Hero\u00edsmo\"},\"image\":{\"@id\":\"https:\\\/\\\/museu-angra.cultura.azores.gov.pt\\\/en\\\/#\\\/schema\\\/logo\\\/image\\\/\"},\"sameAs\":[\"https:\\\/\\\/www.facebook.com\\\/MuseuDeAngraDoHeroismo\",\"https:\\\/\\\/www.instagram.com\\\/museu.angra\\\/\"]}]}<\/script>\n<!-- \/ Yoast SEO plugin. -->","yoast_head_json":{"title":"As Mulheres da Terra - Museum of Angra do Heroismo","robots":{"index":"index","follow":"follow","max-snippet":"max-snippet:-1","max-image-preview":"max-image-preview:large","max-video-preview":"max-video-preview:-1"},"canonical":"https:\/\/museu-angra.cultura.azores.gov.pt\/en\/exhibitions\/as-mulheres-da-terra\/","og_locale":"en_US","og_type":"article","og_title":"As Mulheres da Terra - Museum of Angra do Heroismo","og_description":"Lisandra, Beatriz, Virg\u00ednia, Ver\u00f3nica, Denise, N\u00e9lia, Isilda e Urselina, these are the names of eight azorean women, their age ranging from 21 to 80. Some of them work full time in the fields, looking after the animals, to others this work is part of their free time, when they help their families with this dificult [&hellip;]","og_url":"https:\/\/museu-angra.cultura.azores.gov.pt\/en\/exhibitions\/as-mulheres-da-terra\/","og_site_name":"Museum of Angra do Heroismo","article_publisher":"https:\/\/www.facebook.com\/MuseuDeAngraDoHeroismo","article_modified_time":"2024-06-07T11:20:54+00:00","twitter_card":"summary_large_image","twitter_misc":{"Est. reading time":"1 minute"},"schema":{"@context":"https:\/\/schema.org","@graph":[{"@type":"WebPage","@id":"https:\/\/museu-angra.cultura.azores.gov.pt\/en\/exhibitions\/as-mulheres-da-terra\/","url":"https:\/\/museu-angra.cultura.azores.gov.pt\/en\/exhibitions\/as-mulheres-da-terra\/","name":"As Mulheres da Terra - Museum of Angra do Heroismo","isPartOf":{"@id":"https:\/\/museu-angra.cultura.azores.gov.pt\/en\/#website"},"datePublished":"2024-05-10T12:26:54+00:00","dateModified":"2024-06-07T11:20:54+00:00","breadcrumb":{"@id":"https:\/\/museu-angra.cultura.azores.gov.pt\/en\/exhibitions\/as-mulheres-da-terra\/#breadcrumb"},"inLanguage":"en-US","potentialAction":[{"@type":"ReadAction","target":["https:\/\/museu-angra.cultura.azores.gov.pt\/en\/exhibitions\/as-mulheres-da-terra\/"]}]},{"@type":"BreadcrumbList","@id":"https:\/\/museu-angra.cultura.azores.gov.pt\/en\/exhibitions\/as-mulheres-da-terra\/#breadcrumb","itemListElement":[{"@type":"ListItem","position":1,"name":"In\u00edcio","item":"https:\/\/museu-angra.cultura.azores.gov.pt\/en\/"},{"@type":"ListItem","position":2,"name":"Exhibitions","item":"https:\/\/museu-angra.cultura.azores.gov.pt\/en\/exhibitions\/"},{"@type":"ListItem","position":3,"name":"As Mulheres da Terra"}]},{"@type":"WebSite","@id":"https:\/\/museu-angra.cultura.azores.gov.pt\/en\/#website","url":"https:\/\/museu-angra.cultura.azores.gov.pt\/en\/","name":"Museu de Angra do Hero\u00edsmo","description":"Website do Museu de Angra do Heroismo.","publisher":{"@id":"https:\/\/museu-angra.cultura.azores.gov.pt\/en\/#organization"},"potentialAction":[{"@type":"SearchAction","target":{"@type":"EntryPoint","urlTemplate":"https:\/\/museu-angra.cultura.azores.gov.pt\/en\/?s={search_term_string}"},"query-input":{"@type":"PropertyValueSpecification","valueRequired":true,"valueName":"search_term_string"}}],"inLanguage":"en-US"},{"@type":"Organization","@id":"https:\/\/museu-angra.cultura.azores.gov.pt\/en\/#organization","name":"Museu de Angra do Hero\u00edsmo","url":"https:\/\/museu-angra.cultura.azores.gov.pt\/en\/","logo":{"@type":"ImageObject","inLanguage":"en-US","@id":"https:\/\/museu-angra.cultura.azores.gov.pt\/en\/#\/schema\/logo\/image\/","url":"https:\/\/museu-angra.cultura.azores.gov.pt\/wp-content\/uploads\/2024\/01\/MicrosoftTeams-image-1.png","contentUrl":"https:\/\/museu-angra.cultura.azores.gov.pt\/wp-content\/uploads\/2024\/01\/MicrosoftTeams-image-1.png","width":512,"height":512,"caption":"Museu de Angra do Hero\u00edsmo"},"image":{"@id":"https:\/\/museu-angra.cultura.azores.gov.pt\/en\/#\/schema\/logo\/image\/"},"sameAs":["https:\/\/www.facebook.com\/MuseuDeAngraDoHeroismo","https:\/\/www.instagram.com\/museu.angra\/"]}]}},"_links":{"self":[{"href":"https:\/\/museu-angra.cultura.azores.gov.pt\/en\/wp-json\/wp\/v2\/exhibition\/1985","targetHints":{"allow":["GET"]}}],"collection":[{"href":"https:\/\/museu-angra.cultura.azores.gov.pt\/en\/wp-json\/wp\/v2\/exhibition"}],"about":[{"href":"https:\/\/museu-angra.cultura.azores.gov.pt\/en\/wp-json\/wp\/v2\/types\/exhibition"}],"wp:attachment":[{"href":"https:\/\/museu-angra.cultura.azores.gov.pt\/en\/wp-json\/wp\/v2\/media?parent=1985"}],"wp:term":[{"taxonomy":"exhibition_types","embeddable":true,"href":"https:\/\/museu-angra.cultura.azores.gov.pt\/en\/wp-json\/wp\/v2\/exhibition_types?post=1985"}],"curies":[{"name":"wp","href":"https:\/\/api.w.org\/{rel}","templated":true}]}}

<p>Lisandra, Beatriz, Virgínia, Verónica, Denise, Nélia, Isilda e Urselina, these are the names of eight azorean women, their age ranging from 21 to 80. Some of them work full time in the fields, looking after the animals, to others this work is part of their free time, when they help their families with this dificult daily labor. Labor which is still a fundamental source of income to many families in Terceira Island. With the over all dominance of men in this field of work, these women are like a warm ray of sunshine in the cold of winter. They show strength, beyond any limitations or preconceptions. And as many of they say they are only helping their husbands, it is clear to see, as they work, that they are not mearly helping, they are doing what needs to be done. This exhibit exists to showcase every woman who chooses to do hard jobs and still remembers to see the beauty in them every day.</p>

<p>Lisandra, Beatriz, Virgínia, Verónica, Denise, Nélia, Isilda e Urselina, these are the names of eight azorean women, their age ranging from 21 to 80. Some of them work full time in the fields, looking after the animals, to others this work is part of their free time, when they help their families with this dificult [&hellip;]</p>

<!-- This site is optimized with the Yoast SEO plugin v27.4 - https://yoast.com/product/yoast-seo-wordpress/ -->
<title>As Mulheres da Terra - Museum of Angra do Heroismo</title>
<meta name="robots" content="index, follow, max-snippet:-1, max-image-preview:large, max-video-preview:-1" />
<link rel="canonical" href="https://museu-angra.cultura.azores.gov.pt/en/exhibitions/as-mulheres-da-terra/" />
<meta property="og:locale" content="en_US" />
<meta property="og:type" content="article" />
<meta property="og:title" content="As Mulheres da Terra - Museum of Angra do Heroismo" />
<meta property="og:description" content="Lisandra, Beatriz, Virgínia, Verónica, Denise, Nélia, Isilda e Urselina, these are the names of eight azorean women, their age ranging from 21 to 80. Some of them work full time in the fields, looking after the animals, to others this work is part of their free time, when they help their families with this dificult [&hellip;]" />
<meta property="og:url" content="https://museu-angra.cultura.azores.gov.pt/en/exhibitions/as-mulheres-da-terra/" />
<meta property="og:site_name" content="Museum of Angra do Heroismo" />
<meta property="article:publisher" content="https://www.facebook.com/MuseuDeAngraDoHeroismo" />
<meta property="article:modified_time" content="2024-06-07T11:20:54+00:00" />
<meta name="twitter:card" content="summary_large_image" />
<meta name="twitter:label1" content="Est. reading time" />
	<meta name="twitter:data1" content="1 minute" />
<script type="application/ld+json" class="yoast-schema-graph">{"@context":"https:\/\/schema.org","@graph":[{"@type":"WebPage","@id":"https:\/\/museu-angra.cultura.azores.gov.pt\/en\/exhibitions\/as-mulheres-da-terra\/","url":"https:\/\/museu-angra.cultura.azores.gov.pt\/en\/exhibitions\/as-mulheres-da-terra\/","name":"As Mulheres da Terra - Museum of Angra do Heroismo","isPartOf":{"@id":"https:\/\/museu-angra.cultura.azores.gov.pt\/en\/#website"},"datePublished":"2024-05-10T12:26:54+00:00","dateModified":"2024-06-07T11:20:54+00:00","breadcrumb":{"@id":"https:\/\/museu-angra.cultura.azores.gov.pt\/en\/exhibitions\/as-mulheres-da-terra\/#breadcrumb"},"inLanguage":"en-US","potentialAction":[{"@type":"ReadAction","target":["https:\/\/museu-angra.cultura.azores.gov.pt\/en\/exhibitions\/as-mulheres-da-terra\/"]}]},{"@type":"BreadcrumbList","@id":"https:\/\/museu-angra.cultura.azores.gov.pt\/en\/exhibitions\/as-mulheres-da-terra\/#breadcrumb","itemListElement":[{"@type":"ListItem","position":1,"name":"Início","item":"https:\/\/museu-angra.cultura.azores.gov.pt\/en\/"},{"@type":"ListItem","position":2,"name":"Exhibitions","item":"https:\/\/museu-angra.cultura.azores.gov.pt\/en\/exhibitions\/"},{"@type":"ListItem","position":3,"name":"As Mulheres da Terra"}]},{"@type":"WebSite","@id":"https:\/\/museu-angra.cultura.azores.gov.pt\/en\/#website","url":"https:\/\/museu-angra.cultura.azores.gov.pt\/en\/","name":"Museu de Angra do Heroísmo","description":"Website do Museu de Angra do Heroismo.","publisher":{"@id":"https:\/\/museu-angra.cultura.azores.gov.pt\/en\/#organization"},"potentialAction":[{"@type":"SearchAction","target":{"@type":"EntryPoint","urlTemplate":"https:\/\/museu-angra.cultura.azores.gov.pt\/en\/?s={search_term_string}"},"query-input":{"@type":"PropertyValueSpecification","valueRequired":true,"valueName":"search_term_string"}}],"inLanguage":"en-US"},{"@type":"Organization","@id":"https:\/\/museu-angra.cultura.azores.gov.pt\/en\/#organization","name":"Museu de Angra do Heroísmo","url":"https:\/\/museu-angra.cultura.azores.gov.pt\/en\/","logo":{"@type":"ImageObject","inLanguage":"en-US","@id":"https:\/\/museu-angra.cultura.azores.gov.pt\/en\/#\/schema\/logo\/image\/","url":"https:\/\/museu-angra.cultura.azores.gov.pt\/wp-content\/uploads\/2024\/01\/MicrosoftTeams-image-1.png","contentUrl":"https:\/\/museu-angra.cultura.azores.gov.pt\/wp-content\/uploads\/2024\/01\/MicrosoftTeams-image-1.png","width":512,"height":512,"caption":"Museu de Angra do Heroísmo"},"image":{"@id":"https:\/\/museu-angra.cultura.azores.gov.pt\/en\/#\/schema\/logo\/image\/"},"sameAs":["https:\/\/www.facebook.com\/MuseuDeAngraDoHeroismo","https:\/\/www.instagram.com\/museu.angra\/"]}]}</script>
<!-- / Yoast SEO plugin. -->

Lisandra, Beatriz, Virgínia, Verónica, Denise, Nélia, Isilda e Urselina, these are the names of eight azorean women, their age ranging from 21 to 80. Some of them work full time in the fields, looking after the animals, to others this work is part of their free time, when they help their families with this dificult [&hellip;]

Início

Museu de Angra do Heroísmo
