{"id":10928,"date":"2025-01-02T10:46:10","date_gmt":"2025-01-02T11:46:10","guid":{"rendered":"https:\/\/museu-angra.cultura.azores.gov.pt\/exhibitions\/cloack-terceirense\/"},"modified":"2025-03-03T10:43:36","modified_gmt":"2025-03-03T11:43:36","slug":"cloack-terceirense","status":"publish","type":"exhibition","link":"https:\/\/museu-angra.cultura.azores.gov.pt\/en\/exhibitions\/cloack-terceirense\/","title":{"rendered":"Cloak Terceirense"},"content":{"rendered":"\n<p>The cloak is a characteristic garment of the women from Terceira Island, with evidence&#13;\nof it also being worn in the islands of S\u00e3o Miguel, S\u00e3o Jorge, and Graciosa as an&#13;\nalternative to the mantle. Records show that cloaks were worn from the 16th century&#13;\nuntil the mid-20th century. Due to the quality of the fabric and the cost of its making, the&#13;\ncloaks reflected high social status. These garments, often passed down to future&#13;\ngenerations, were frequently mentioned in wills and were used by entire families.&#13;\nThis emblematic piece, which, due to its black color, gave the city a somber look, is&#13;\nfeatured in the 1927 film Document\u00e1rio Terceirense by Ant\u00f3nio Luis Louren\u00e7o Costa,&#13;\nconsidered the first cinematic work of the Azores. It eventually fell out of use and became&#13;\na historical curiosity, promoted by ethnographic and folkloric groups or as souvenirs&#13;\npurchased by tourists. The piece is part of the Textile Management Unit at MAH.&#13;\n&#13;\nUNTIL APRIL 28, 2025 &#8211; AEROGARE CIVIL DAS LAJES<\/p>\n","protected":false},"excerpt":{"rendered":"<p>The cloak is a characteristic garment of the women from Terceira Island, with evidence&#13; of it also being worn in the islands of S\u00e3o Miguel, S\u00e3o Jorge, and Graciosa as an&#13; alternative to the mantle. Records show that cloaks were worn from the 16th century&#13; until the mid-20th century. Due to the quality of the [&hellip;]<\/p>\n","protected":false},"template":"","exhibition_types":[35],"class_list":["post-10928","exhibition","type-exhibition","status-publish","hentry","exhibition_types-exhibit"],"acf":[],"yoast_head":"<!-- This site is optimized with the Yoast SEO plugin v27.4 - https:\/\/yoast.com\/product\/yoast-seo-wordpress\/ -->\n<title>Cloak Terceirense - Museum of Angra do Heroismo<\/title>\n<meta name=\"robots\" content=\"index, follow, max-snippet:-1, max-image-preview:large, max-video-preview:-1\" \/>\n<link rel=\"canonical\" href=\"https:\/\/museu-angra.cultura.azores.gov.pt\/en\/exhibitions\/cloack-terceirense\/\" \/>\n<meta property=\"og:locale\" content=\"en_US\" \/>\n<meta property=\"og:type\" content=\"article\" \/>\n<meta property=\"og:title\" content=\"Cloak Terceirense - Museum of Angra do Heroismo\" \/>\n<meta property=\"og:description\" content=\"The cloak is a characteristic garment of the women from Terceira Island, with evidence&#013; of it also being worn in the islands of S\u00e3o Miguel, S\u00e3o Jorge, and Graciosa as an&#013; alternative to the mantle. Records show that cloaks were worn from the 16th century&#013; until the mid-20th century. Due to the quality of the [&hellip;]\" \/>\n<meta property=\"og:url\" content=\"https:\/\/museu-angra.cultura.azores.gov.pt\/en\/exhibitions\/cloack-terceirense\/\" \/>\n<meta property=\"og:site_name\" content=\"Museum of Angra do Heroismo\" \/>\n<meta property=\"article:publisher\" content=\"https:\/\/www.facebook.com\/MuseuDeAngraDoHeroismo\" \/>\n<meta property=\"article:modified_time\" content=\"2025-03-03T11:43:36+00:00\" \/>\n<meta name=\"twitter:card\" content=\"summary_large_image\" \/>\n<meta name=\"twitter:label1\" content=\"Est. reading time\" \/>\n\t<meta name=\"twitter:data1\" content=\"1 minute\" \/>\n<script type=\"application\/ld+json\" class=\"yoast-schema-graph\">{\"@context\":\"https:\\\/\\\/schema.org\",\"@graph\":[{\"@type\":\"WebPage\",\"@id\":\"https:\\\/\\\/museu-angra.cultura.azores.gov.pt\\\/en\\\/exhibitions\\\/cloack-terceirense\\\/\",\"url\":\"https:\\\/\\\/museu-angra.cultura.azores.gov.pt\\\/en\\\/exhibitions\\\/cloack-terceirense\\\/\",\"name\":\"Cloak Terceirense - Museum of Angra do Heroismo\",\"isPartOf\":{\"@id\":\"https:\\\/\\\/museu-angra.cultura.azores.gov.pt\\\/en\\\/#website\"},\"datePublished\":\"2025-01-02T11:46:10+00:00\",\"dateModified\":\"2025-03-03T11:43:36+00:00\",\"breadcrumb\":{\"@id\":\"https:\\\/\\\/museu-angra.cultura.azores.gov.pt\\\/en\\\/exhibitions\\\/cloack-terceirense\\\/#breadcrumb\"},\"inLanguage\":\"en-US\",\"potentialAction\":[{\"@type\":\"ReadAction\",\"target\":[\"https:\\\/\\\/museu-angra.cultura.azores.gov.pt\\\/en\\\/exhibitions\\\/cloack-terceirense\\\/\"]}]},{\"@type\":\"BreadcrumbList\",\"@id\":\"https:\\\/\\\/museu-angra.cultura.azores.gov.pt\\\/en\\\/exhibitions\\\/cloack-terceirense\\\/#breadcrumb\",\"itemListElement\":[{\"@type\":\"ListItem\",\"position\":1,\"name\":\"In\u00edcio\",\"item\":\"https:\\\/\\\/museu-angra.cultura.azores.gov.pt\\\/en\\\/\"},{\"@type\":\"ListItem\",\"position\":2,\"name\":\"Exhibitions\",\"item\":\"https:\\\/\\\/museu-angra.cultura.azores.gov.pt\\\/en\\\/exhibitions\\\/\"},{\"@type\":\"ListItem\",\"position\":3,\"name\":\"Cloak Terceirense\"}]},{\"@type\":\"WebSite\",\"@id\":\"https:\\\/\\\/museu-angra.cultura.azores.gov.pt\\\/en\\\/#website\",\"url\":\"https:\\\/\\\/museu-angra.cultura.azores.gov.pt\\\/en\\\/\",\"name\":\"Museu de Angra do Hero\u00edsmo\",\"description\":\"Website do Museu de Angra do Heroismo.\",\"publisher\":{\"@id\":\"https:\\\/\\\/museu-angra.cultura.azores.gov.pt\\\/en\\\/#organization\"},\"potentialAction\":[{\"@type\":\"SearchAction\",\"target\":{\"@type\":\"EntryPoint\",\"urlTemplate\":\"https:\\\/\\\/museu-angra.cultura.azores.gov.pt\\\/en\\\/?s={search_term_string}\"},\"query-input\":{\"@type\":\"PropertyValueSpecification\",\"valueRequired\":true,\"valueName\":\"search_term_string\"}}],\"inLanguage\":\"en-US\"},{\"@type\":\"Organization\",\"@id\":\"https:\\\/\\\/museu-angra.cultura.azores.gov.pt\\\/en\\\/#organization\",\"name\":\"Museu de Angra do Hero\u00edsmo\",\"url\":\"https:\\\/\\\/museu-angra.cultura.azores.gov.pt\\\/en\\\/\",\"logo\":{\"@type\":\"ImageObject\",\"inLanguage\":\"en-US\",\"@id\":\"https:\\\/\\\/museu-angra.cultura.azores.gov.pt\\\/en\\\/#\\\/schema\\\/logo\\\/image\\\/\",\"url\":\"https:\\\/\\\/museu-angra.cultura.azores.gov.pt\\\/wp-content\\\/uploads\\\/2024\\\/01\\\/MicrosoftTeams-image-1.png\",\"contentUrl\":\"https:\\\/\\\/museu-angra.cultura.azores.gov.pt\\\/wp-content\\\/uploads\\\/2024\\\/01\\\/MicrosoftTeams-image-1.png\",\"width\":512,\"height\":512,\"caption\":\"Museu de Angra do Hero\u00edsmo\"},\"image\":{\"@id\":\"https:\\\/\\\/museu-angra.cultura.azores.gov.pt\\\/en\\\/#\\\/schema\\\/logo\\\/image\\\/\"},\"sameAs\":[\"https:\\\/\\\/www.facebook.com\\\/MuseuDeAngraDoHeroismo\",\"https:\\\/\\\/www.instagram.com\\\/museu.angra\\\/\"]}]}<\/script>\n<!-- \/ Yoast SEO plugin. -->","yoast_head_json":{"title":"Cloak Terceirense - Museum of Angra do Heroismo","robots":{"index":"index","follow":"follow","max-snippet":"max-snippet:-1","max-image-preview":"max-image-preview:large","max-video-preview":"max-video-preview:-1"},"canonical":"https:\/\/museu-angra.cultura.azores.gov.pt\/en\/exhibitions\/cloack-terceirense\/","og_locale":"en_US","og_type":"article","og_title":"Cloak Terceirense - Museum of Angra do Heroismo","og_description":"The cloak is a characteristic garment of the women from Terceira Island, with evidence&#13; of it also being worn in the islands of S\u00e3o Miguel, S\u00e3o Jorge, and Graciosa as an&#13; alternative to the mantle. Records show that cloaks were worn from the 16th century&#13; until the mid-20th century. Due to the quality of the [&hellip;]","og_url":"https:\/\/museu-angra.cultura.azores.gov.pt\/en\/exhibitions\/cloack-terceirense\/","og_site_name":"Museum of Angra do Heroismo","article_publisher":"https:\/\/www.facebook.com\/MuseuDeAngraDoHeroismo","article_modified_time":"2025-03-03T11:43:36+00:00","twitter_card":"summary_large_image","twitter_misc":{"Est. reading time":"1 minute"},"schema":{"@context":"https:\/\/schema.org","@graph":[{"@type":"WebPage","@id":"https:\/\/museu-angra.cultura.azores.gov.pt\/en\/exhibitions\/cloack-terceirense\/","url":"https:\/\/museu-angra.cultura.azores.gov.pt\/en\/exhibitions\/cloack-terceirense\/","name":"Cloak Terceirense - Museum of Angra do Heroismo","isPartOf":{"@id":"https:\/\/museu-angra.cultura.azores.gov.pt\/en\/#website"},"datePublished":"2025-01-02T11:46:10+00:00","dateModified":"2025-03-03T11:43:36+00:00","breadcrumb":{"@id":"https:\/\/museu-angra.cultura.azores.gov.pt\/en\/exhibitions\/cloack-terceirense\/#breadcrumb"},"inLanguage":"en-US","potentialAction":[{"@type":"ReadAction","target":["https:\/\/museu-angra.cultura.azores.gov.pt\/en\/exhibitions\/cloack-terceirense\/"]}]},{"@type":"BreadcrumbList","@id":"https:\/\/museu-angra.cultura.azores.gov.pt\/en\/exhibitions\/cloack-terceirense\/#breadcrumb","itemListElement":[{"@type":"ListItem","position":1,"name":"In\u00edcio","item":"https:\/\/museu-angra.cultura.azores.gov.pt\/en\/"},{"@type":"ListItem","position":2,"name":"Exhibitions","item":"https:\/\/museu-angra.cultura.azores.gov.pt\/en\/exhibitions\/"},{"@type":"ListItem","position":3,"name":"Cloak Terceirense"}]},{"@type":"WebSite","@id":"https:\/\/museu-angra.cultura.azores.gov.pt\/en\/#website","url":"https:\/\/museu-angra.cultura.azores.gov.pt\/en\/","name":"Museu de Angra do Hero\u00edsmo","description":"Website do Museu de Angra do Heroismo.","publisher":{"@id":"https:\/\/museu-angra.cultura.azores.gov.pt\/en\/#organization"},"potentialAction":[{"@type":"SearchAction","target":{"@type":"EntryPoint","urlTemplate":"https:\/\/museu-angra.cultura.azores.gov.pt\/en\/?s={search_term_string}"},"query-input":{"@type":"PropertyValueSpecification","valueRequired":true,"valueName":"search_term_string"}}],"inLanguage":"en-US"},{"@type":"Organization","@id":"https:\/\/museu-angra.cultura.azores.gov.pt\/en\/#organization","name":"Museu de Angra do Hero\u00edsmo","url":"https:\/\/museu-angra.cultura.azores.gov.pt\/en\/","logo":{"@type":"ImageObject","inLanguage":"en-US","@id":"https:\/\/museu-angra.cultura.azores.gov.pt\/en\/#\/schema\/logo\/image\/","url":"https:\/\/museu-angra.cultura.azores.gov.pt\/wp-content\/uploads\/2024\/01\/MicrosoftTeams-image-1.png","contentUrl":"https:\/\/museu-angra.cultura.azores.gov.pt\/wp-content\/uploads\/2024\/01\/MicrosoftTeams-image-1.png","width":512,"height":512,"caption":"Museu de Angra do Hero\u00edsmo"},"image":{"@id":"https:\/\/museu-angra.cultura.azores.gov.pt\/en\/#\/schema\/logo\/image\/"},"sameAs":["https:\/\/www.facebook.com\/MuseuDeAngraDoHeroismo","https:\/\/www.instagram.com\/museu.angra\/"]}]}},"_links":{"self":[{"href":"https:\/\/museu-angra.cultura.azores.gov.pt\/en\/wp-json\/wp\/v2\/exhibition\/10928","targetHints":{"allow":["GET"]}}],"collection":[{"href":"https:\/\/museu-angra.cultura.azores.gov.pt\/en\/wp-json\/wp\/v2\/exhibition"}],"about":[{"href":"https:\/\/museu-angra.cultura.azores.gov.pt\/en\/wp-json\/wp\/v2\/types\/exhibition"}],"wp:attachment":[{"href":"https:\/\/museu-angra.cultura.azores.gov.pt\/en\/wp-json\/wp\/v2\/media?parent=10928"}],"wp:term":[{"taxonomy":"exhibition_types","embeddable":true,"href":"https:\/\/museu-angra.cultura.azores.gov.pt\/en\/wp-json\/wp\/v2\/exhibition_types?post=10928"}],"curies":[{"name":"wp","href":"https:\/\/api.w.org\/{rel}","templated":true}]}}

<p>The cloak is a characteristic garment of the women from Terceira Island, with evidence&#13;
of it also being worn in the islands of São Miguel, São Jorge, and Graciosa as an&#13;
alternative to the mantle. Records show that cloaks were worn from the 16th century&#13;
until the mid-20th century. Due to the quality of the fabric and the cost of its making, the&#13;
cloaks reflected high social status. These garments, often passed down to future&#13;
generations, were frequently mentioned in wills and were used by entire families.&#13;
This emblematic piece, which, due to its black color, gave the city a somber look, is&#13;
featured in the 1927 film Documentário Terceirense by António Luis Lourenço Costa,&#13;
considered the first cinematic work of the Azores. It eventually fell out of use and became&#13;
a historical curiosity, promoted by ethnographic and folkloric groups or as souvenirs&#13;
purchased by tourists. The piece is part of the Textile Management Unit at MAH.&#13;
&#13;
UNTIL APRIL 28, 2025 &#8211; AEROGARE CIVIL DAS LAJES</p>

<p>The cloak is a characteristic garment of the women from Terceira Island, with evidence&#13; of it also being worn in the islands of São Miguel, São Jorge, and Graciosa as an&#13; alternative to the mantle. Records show that cloaks were worn from the 16th century&#13; until the mid-20th century. Due to the quality of the [&hellip;]</p>

<!-- This site is optimized with the Yoast SEO plugin v27.4 - https://yoast.com/product/yoast-seo-wordpress/ -->
<title>Cloak Terceirense - Museum of Angra do Heroismo</title>
<meta name="robots" content="index, follow, max-snippet:-1, max-image-preview:large, max-video-preview:-1" />
<link rel="canonical" href="https://museu-angra.cultura.azores.gov.pt/en/exhibitions/cloack-terceirense/" />
<meta property="og:locale" content="en_US" />
<meta property="og:type" content="article" />
<meta property="og:title" content="Cloak Terceirense - Museum of Angra do Heroismo" />
<meta property="og:description" content="The cloak is a characteristic garment of the women from Terceira Island, with evidence&#013; of it also being worn in the islands of São Miguel, São Jorge, and Graciosa as an&#013; alternative to the mantle. Records show that cloaks were worn from the 16th century&#013; until the mid-20th century. Due to the quality of the [&hellip;]" />
<meta property="og:url" content="https://museu-angra.cultura.azores.gov.pt/en/exhibitions/cloack-terceirense/" />
<meta property="og:site_name" content="Museum of Angra do Heroismo" />
<meta property="article:publisher" content="https://www.facebook.com/MuseuDeAngraDoHeroismo" />
<meta property="article:modified_time" content="2025-03-03T11:43:36+00:00" />
<meta name="twitter:card" content="summary_large_image" />
<meta name="twitter:label1" content="Est. reading time" />
	<meta name="twitter:data1" content="1 minute" />
<script type="application/ld+json" class="yoast-schema-graph">{"@context":"https:\/\/schema.org","@graph":[{"@type":"WebPage","@id":"https:\/\/museu-angra.cultura.azores.gov.pt\/en\/exhibitions\/cloack-terceirense\/","url":"https:\/\/museu-angra.cultura.azores.gov.pt\/en\/exhibitions\/cloack-terceirense\/","name":"Cloak Terceirense - Museum of Angra do Heroismo","isPartOf":{"@id":"https:\/\/museu-angra.cultura.azores.gov.pt\/en\/#website"},"datePublished":"2025-01-02T11:46:10+00:00","dateModified":"2025-03-03T11:43:36+00:00","breadcrumb":{"@id":"https:\/\/museu-angra.cultura.azores.gov.pt\/en\/exhibitions\/cloack-terceirense\/#breadcrumb"},"inLanguage":"en-US","potentialAction":[{"@type":"ReadAction","target":["https:\/\/museu-angra.cultura.azores.gov.pt\/en\/exhibitions\/cloack-terceirense\/"]}]},{"@type":"BreadcrumbList","@id":"https:\/\/museu-angra.cultura.azores.gov.pt\/en\/exhibitions\/cloack-terceirense\/#breadcrumb","itemListElement":[{"@type":"ListItem","position":1,"name":"Início","item":"https:\/\/museu-angra.cultura.azores.gov.pt\/en\/"},{"@type":"ListItem","position":2,"name":"Exhibitions","item":"https:\/\/museu-angra.cultura.azores.gov.pt\/en\/exhibitions\/"},{"@type":"ListItem","position":3,"name":"Cloak Terceirense"}]},{"@type":"WebSite","@id":"https:\/\/museu-angra.cultura.azores.gov.pt\/en\/#website","url":"https:\/\/museu-angra.cultura.azores.gov.pt\/en\/","name":"Museu de Angra do Heroísmo","description":"Website do Museu de Angra do Heroismo.","publisher":{"@id":"https:\/\/museu-angra.cultura.azores.gov.pt\/en\/#organization"},"potentialAction":[{"@type":"SearchAction","target":{"@type":"EntryPoint","urlTemplate":"https:\/\/museu-angra.cultura.azores.gov.pt\/en\/?s={search_term_string}"},"query-input":{"@type":"PropertyValueSpecification","valueRequired":true,"valueName":"search_term_string"}}],"inLanguage":"en-US"},{"@type":"Organization","@id":"https:\/\/museu-angra.cultura.azores.gov.pt\/en\/#organization","name":"Museu de Angra do Heroísmo","url":"https:\/\/museu-angra.cultura.azores.gov.pt\/en\/","logo":{"@type":"ImageObject","inLanguage":"en-US","@id":"https:\/\/museu-angra.cultura.azores.gov.pt\/en\/#\/schema\/logo\/image\/","url":"https:\/\/museu-angra.cultura.azores.gov.pt\/wp-content\/uploads\/2024\/01\/MicrosoftTeams-image-1.png","contentUrl":"https:\/\/museu-angra.cultura.azores.gov.pt\/wp-content\/uploads\/2024\/01\/MicrosoftTeams-image-1.png","width":512,"height":512,"caption":"Museu de Angra do Heroísmo"},"image":{"@id":"https:\/\/museu-angra.cultura.azores.gov.pt\/en\/#\/schema\/logo\/image\/"},"sameAs":["https:\/\/www.facebook.com\/MuseuDeAngraDoHeroismo","https:\/\/www.instagram.com\/museu.angra\/"]}]}</script>
<!-- / Yoast SEO plugin. -->

The cloak is a characteristic garment of the women from Terceira Island, with evidence&#13; of it also being worn in the islands of São Miguel, São Jorge, and Graciosa as an&#13; alternative to the mantle. Records show that cloaks were worn from the 16th century&#13; until the mid-20th century. Due to the quality of the [&hellip;]

Início

Museu de Angra do Heroísmo
