{"id":4606,"date":"2024-07-09T11:28:59","date_gmt":"2024-07-09T11:28:59","guid":{"rendered":"https:\/\/museu-angra.cultura.azores.gov.pt\/events\/falarte-the-aesthetics-and-ethics\/"},"modified":"2024-07-25T15:17:03","modified_gmt":"2024-07-25T15:17:03","slug":"falarte-the-aesthetics-and-ethics","status":"publish","type":"event","link":"https:\/\/museu-angra.cultura.azores.gov.pt\/en\/events\/falarte-the-aesthetics-and-ethics\/","title":{"rendered":"falArte The Aesthetics and Ethics"},"content":{"rendered":"\n<p><strong>Speaker: Maria Assun\u00e7\u00e3o Melo<\/strong><br\/>Promotional event for the exhibitions <em>Lugar Fict\u00edcio\/Terra Prometida | Paintings by Eduardo Carqueijeiro <\/em>and <em>Lisboa\/Pequim\/Lisboa | Photography by Pepa Brix<\/em><br\/>We will continuie our artistic education programme by reflecting on the mutations to which the aesthetic categories of art are subject, in diachronic and civilisational terms, and considering the relationships established between aesthetics and ethics, in the case of contemporary art.<br\/>Free Entry<\/p>\n","protected":false},"excerpt":{"rendered":"<p>Speaker: Maria Assun\u00e7\u00e3o MeloPromotional event for the exhibitions Lugar Fict\u00edcio\/Terra Prometida | Paintings by Eduardo Carqueijeiro and Lisboa\/Pequim\/Lisboa | Photography by Pepa BrixWe will continuie our artistic education programme by reflecting on the mutations to which the aesthetic categories of art are subject, in diachronic and civilisational terms, and considering the relationships established between aesthetics [&hellip;]<\/p>\n","protected":false},"template":"","class_list":["post-4606","event","type-event","status-publish","hentry"],"acf":[],"yoast_head":"<!-- This site is optimized with the Yoast SEO plugin v27.5 - https:\/\/yoast.com\/product\/yoast-seo-wordpress\/ -->\n<title>falArte The Aesthetics and Ethics - Museum of Angra do Heroismo<\/title>\n<meta name=\"robots\" content=\"index, follow, max-snippet:-1, max-image-preview:large, max-video-preview:-1\" \/>\n<link rel=\"canonical\" href=\"https:\/\/museu-angra.cultura.azores.gov.pt\/en\/events\/falarte-the-aesthetics-and-ethics\/\" \/>\n<meta property=\"og:locale\" content=\"en_US\" \/>\n<meta property=\"og:type\" content=\"article\" \/>\n<meta property=\"og:title\" content=\"falArte The Aesthetics and Ethics - Museum of Angra do Heroismo\" \/>\n<meta property=\"og:description\" content=\"Speaker: Maria Assun\u00e7\u00e3o MeloPromotional event for the exhibitions Lugar Fict\u00edcio\/Terra Prometida | Paintings by Eduardo Carqueijeiro and Lisboa\/Pequim\/Lisboa | Photography by Pepa BrixWe will continuie our artistic education programme by reflecting on the mutations to which the aesthetic categories of art are subject, in diachronic and civilisational terms, and considering the relationships established between aesthetics [&hellip;]\" \/>\n<meta property=\"og:url\" content=\"https:\/\/museu-angra.cultura.azores.gov.pt\/en\/events\/falarte-the-aesthetics-and-ethics\/\" \/>\n<meta property=\"og:site_name\" content=\"Museum of Angra do Heroismo\" \/>\n<meta property=\"article:publisher\" content=\"https:\/\/www.facebook.com\/MuseuDeAngraDoHeroismo\" \/>\n<meta property=\"article:modified_time\" content=\"2024-07-25T15:17:03+00:00\" \/>\n<meta name=\"twitter:card\" content=\"summary_large_image\" \/>\n<script type=\"application\/ld+json\" class=\"yoast-schema-graph\">{\"@context\":\"https:\\\/\\\/schema.org\",\"@graph\":[{\"@type\":\"WebPage\",\"@id\":\"https:\\\/\\\/museu-angra.cultura.azores.gov.pt\\\/en\\\/events\\\/falarte-the-aesthetics-and-ethics\\\/\",\"url\":\"https:\\\/\\\/museu-angra.cultura.azores.gov.pt\\\/en\\\/events\\\/falarte-the-aesthetics-and-ethics\\\/\",\"name\":\"falArte The Aesthetics and Ethics - Museum of Angra do Heroismo\",\"isPartOf\":{\"@id\":\"https:\\\/\\\/museu-angra.cultura.azores.gov.pt\\\/en\\\/#website\"},\"datePublished\":\"2024-07-09T11:28:59+00:00\",\"dateModified\":\"2024-07-25T15:17:03+00:00\",\"breadcrumb\":{\"@id\":\"https:\\\/\\\/museu-angra.cultura.azores.gov.pt\\\/en\\\/events\\\/falarte-the-aesthetics-and-ethics\\\/#breadcrumb\"},\"inLanguage\":\"en-US\",\"potentialAction\":[{\"@type\":\"ReadAction\",\"target\":[\"https:\\\/\\\/museu-angra.cultura.azores.gov.pt\\\/en\\\/events\\\/falarte-the-aesthetics-and-ethics\\\/\"]}]},{\"@type\":\"BreadcrumbList\",\"@id\":\"https:\\\/\\\/museu-angra.cultura.azores.gov.pt\\\/en\\\/events\\\/falarte-the-aesthetics-and-ethics\\\/#breadcrumb\",\"itemListElement\":[{\"@type\":\"ListItem\",\"position\":1,\"name\":\"In\u00edcio\",\"item\":\"https:\\\/\\\/museu-angra.cultura.azores.gov.pt\\\/en\\\/\"},{\"@type\":\"ListItem\",\"position\":2,\"name\":\"Events\",\"item\":\"https:\\\/\\\/museu-angra.cultura.azores.gov.pt\\\/en\\\/events\\\/\"},{\"@type\":\"ListItem\",\"position\":3,\"name\":\"falArte The Aesthetics and Ethics\"}]},{\"@type\":\"WebSite\",\"@id\":\"https:\\\/\\\/museu-angra.cultura.azores.gov.pt\\\/en\\\/#website\",\"url\":\"https:\\\/\\\/museu-angra.cultura.azores.gov.pt\\\/en\\\/\",\"name\":\"Museu de Angra do Hero\u00edsmo\",\"description\":\"Website do Museu de Angra do Heroismo.\",\"publisher\":{\"@id\":\"https:\\\/\\\/museu-angra.cultura.azores.gov.pt\\\/en\\\/#organization\"},\"potentialAction\":[{\"@type\":\"SearchAction\",\"target\":{\"@type\":\"EntryPoint\",\"urlTemplate\":\"https:\\\/\\\/museu-angra.cultura.azores.gov.pt\\\/en\\\/?s={search_term_string}\"},\"query-input\":{\"@type\":\"PropertyValueSpecification\",\"valueRequired\":true,\"valueName\":\"search_term_string\"}}],\"inLanguage\":\"en-US\"},{\"@type\":\"Organization\",\"@id\":\"https:\\\/\\\/museu-angra.cultura.azores.gov.pt\\\/en\\\/#organization\",\"name\":\"Museu de Angra do Hero\u00edsmo\",\"url\":\"https:\\\/\\\/museu-angra.cultura.azores.gov.pt\\\/en\\\/\",\"logo\":{\"@type\":\"ImageObject\",\"inLanguage\":\"en-US\",\"@id\":\"https:\\\/\\\/museu-angra.cultura.azores.gov.pt\\\/en\\\/#\\\/schema\\\/logo\\\/image\\\/\",\"url\":\"https:\\\/\\\/museu-angra.cultura.azores.gov.pt\\\/wp-content\\\/uploads\\\/2024\\\/01\\\/MicrosoftTeams-image-1.png\",\"contentUrl\":\"https:\\\/\\\/museu-angra.cultura.azores.gov.pt\\\/wp-content\\\/uploads\\\/2024\\\/01\\\/MicrosoftTeams-image-1.png\",\"width\":512,\"height\":512,\"caption\":\"Museu de Angra do Hero\u00edsmo\"},\"image\":{\"@id\":\"https:\\\/\\\/museu-angra.cultura.azores.gov.pt\\\/en\\\/#\\\/schema\\\/logo\\\/image\\\/\"},\"sameAs\":[\"https:\\\/\\\/www.facebook.com\\\/MuseuDeAngraDoHeroismo\",\"https:\\\/\\\/www.instagram.com\\\/museu.angra\\\/\"]}]}<\/script>\n<!-- \/ Yoast SEO plugin. -->","yoast_head_json":{"title":"falArte The Aesthetics and Ethics - Museum of Angra do Heroismo","robots":{"index":"index","follow":"follow","max-snippet":"max-snippet:-1","max-image-preview":"max-image-preview:large","max-video-preview":"max-video-preview:-1"},"canonical":"https:\/\/museu-angra.cultura.azores.gov.pt\/en\/events\/falarte-the-aesthetics-and-ethics\/","og_locale":"en_US","og_type":"article","og_title":"falArte The Aesthetics and Ethics - Museum of Angra do Heroismo","og_description":"Speaker: Maria Assun\u00e7\u00e3o MeloPromotional event for the exhibitions Lugar Fict\u00edcio\/Terra Prometida | Paintings by Eduardo Carqueijeiro and Lisboa\/Pequim\/Lisboa | Photography by Pepa BrixWe will continuie our artistic education programme by reflecting on the mutations to which the aesthetic categories of art are subject, in diachronic and civilisational terms, and considering the relationships established between aesthetics [&hellip;]","og_url":"https:\/\/museu-angra.cultura.azores.gov.pt\/en\/events\/falarte-the-aesthetics-and-ethics\/","og_site_name":"Museum of Angra do Heroismo","article_publisher":"https:\/\/www.facebook.com\/MuseuDeAngraDoHeroismo","article_modified_time":"2024-07-25T15:17:03+00:00","twitter_card":"summary_large_image","schema":{"@context":"https:\/\/schema.org","@graph":[{"@type":"WebPage","@id":"https:\/\/museu-angra.cultura.azores.gov.pt\/en\/events\/falarte-the-aesthetics-and-ethics\/","url":"https:\/\/museu-angra.cultura.azores.gov.pt\/en\/events\/falarte-the-aesthetics-and-ethics\/","name":"falArte The Aesthetics and Ethics - Museum of Angra do Heroismo","isPartOf":{"@id":"https:\/\/museu-angra.cultura.azores.gov.pt\/en\/#website"},"datePublished":"2024-07-09T11:28:59+00:00","dateModified":"2024-07-25T15:17:03+00:00","breadcrumb":{"@id":"https:\/\/museu-angra.cultura.azores.gov.pt\/en\/events\/falarte-the-aesthetics-and-ethics\/#breadcrumb"},"inLanguage":"en-US","potentialAction":[{"@type":"ReadAction","target":["https:\/\/museu-angra.cultura.azores.gov.pt\/en\/events\/falarte-the-aesthetics-and-ethics\/"]}]},{"@type":"BreadcrumbList","@id":"https:\/\/museu-angra.cultura.azores.gov.pt\/en\/events\/falarte-the-aesthetics-and-ethics\/#breadcrumb","itemListElement":[{"@type":"ListItem","position":1,"name":"In\u00edcio","item":"https:\/\/museu-angra.cultura.azores.gov.pt\/en\/"},{"@type":"ListItem","position":2,"name":"Events","item":"https:\/\/museu-angra.cultura.azores.gov.pt\/en\/events\/"},{"@type":"ListItem","position":3,"name":"falArte The Aesthetics and Ethics"}]},{"@type":"WebSite","@id":"https:\/\/museu-angra.cultura.azores.gov.pt\/en\/#website","url":"https:\/\/museu-angra.cultura.azores.gov.pt\/en\/","name":"Museu de Angra do Hero\u00edsmo","description":"Website do Museu de Angra do Heroismo.","publisher":{"@id":"https:\/\/museu-angra.cultura.azores.gov.pt\/en\/#organization"},"potentialAction":[{"@type":"SearchAction","target":{"@type":"EntryPoint","urlTemplate":"https:\/\/museu-angra.cultura.azores.gov.pt\/en\/?s={search_term_string}"},"query-input":{"@type":"PropertyValueSpecification","valueRequired":true,"valueName":"search_term_string"}}],"inLanguage":"en-US"},{"@type":"Organization","@id":"https:\/\/museu-angra.cultura.azores.gov.pt\/en\/#organization","name":"Museu de Angra do Hero\u00edsmo","url":"https:\/\/museu-angra.cultura.azores.gov.pt\/en\/","logo":{"@type":"ImageObject","inLanguage":"en-US","@id":"https:\/\/museu-angra.cultura.azores.gov.pt\/en\/#\/schema\/logo\/image\/","url":"https:\/\/museu-angra.cultura.azores.gov.pt\/wp-content\/uploads\/2024\/01\/MicrosoftTeams-image-1.png","contentUrl":"https:\/\/museu-angra.cultura.azores.gov.pt\/wp-content\/uploads\/2024\/01\/MicrosoftTeams-image-1.png","width":512,"height":512,"caption":"Museu de Angra do Hero\u00edsmo"},"image":{"@id":"https:\/\/museu-angra.cultura.azores.gov.pt\/en\/#\/schema\/logo\/image\/"},"sameAs":["https:\/\/www.facebook.com\/MuseuDeAngraDoHeroismo","https:\/\/www.instagram.com\/museu.angra\/"]}]}},"_links":{"self":[{"href":"https:\/\/museu-angra.cultura.azores.gov.pt\/en\/wp-json\/wp\/v2\/event\/4606","targetHints":{"allow":["GET"]}}],"collection":[{"href":"https:\/\/museu-angra.cultura.azores.gov.pt\/en\/wp-json\/wp\/v2\/event"}],"about":[{"href":"https:\/\/museu-angra.cultura.azores.gov.pt\/en\/wp-json\/wp\/v2\/types\/event"}],"wp:attachment":[{"href":"https:\/\/museu-angra.cultura.azores.gov.pt\/en\/wp-json\/wp\/v2\/media?parent=4606"}],"curies":[{"name":"wp","href":"https:\/\/api.w.org\/{rel}","templated":true}]}}

<p><strong>Speaker: Maria Assunção Melo</strong><br/>Promotional event for the exhibitions <em>Lugar Fictício/Terra Prometida | Paintings by Eduardo Carqueijeiro </em>and <em>Lisboa/Pequim/Lisboa | Photography by Pepa Brix</em><br/>We will continuie our artistic education programme by reflecting on the mutations to which the aesthetic categories of art are subject, in diachronic and civilisational terms, and considering the relationships established between aesthetics and ethics, in the case of contemporary art.<br/>Free Entry</p>

<p>Speaker: Maria Assunção MeloPromotional event for the exhibitions Lugar Fictício/Terra Prometida | Paintings by Eduardo Carqueijeiro and Lisboa/Pequim/Lisboa | Photography by Pepa BrixWe will continuie our artistic education programme by reflecting on the mutations to which the aesthetic categories of art are subject, in diachronic and civilisational terms, and considering the relationships established between aesthetics [&hellip;]</p>

<!-- This site is optimized with the Yoast SEO plugin v27.5 - https://yoast.com/product/yoast-seo-wordpress/ -->
<title>falArte The Aesthetics and Ethics - Museum of Angra do Heroismo</title>
<meta name="robots" content="index, follow, max-snippet:-1, max-image-preview:large, max-video-preview:-1" />
<link rel="canonical" href="https://museu-angra.cultura.azores.gov.pt/en/events/falarte-the-aesthetics-and-ethics/" />
<meta property="og:locale" content="en_US" />
<meta property="og:type" content="article" />
<meta property="og:title" content="falArte The Aesthetics and Ethics - Museum of Angra do Heroismo" />
<meta property="og:description" content="Speaker: Maria Assunção MeloPromotional event for the exhibitions Lugar Fictício/Terra Prometida | Paintings by Eduardo Carqueijeiro and Lisboa/Pequim/Lisboa | Photography by Pepa BrixWe will continuie our artistic education programme by reflecting on the mutations to which the aesthetic categories of art are subject, in diachronic and civilisational terms, and considering the relationships established between aesthetics [&hellip;]" />
<meta property="og:url" content="https://museu-angra.cultura.azores.gov.pt/en/events/falarte-the-aesthetics-and-ethics/" />
<meta property="og:site_name" content="Museum of Angra do Heroismo" />
<meta property="article:publisher" content="https://www.facebook.com/MuseuDeAngraDoHeroismo" />
<meta property="article:modified_time" content="2024-07-25T15:17:03+00:00" />
<meta name="twitter:card" content="summary_large_image" />
<script type="application/ld+json" class="yoast-schema-graph">{"@context":"https:\/\/schema.org","@graph":[{"@type":"WebPage","@id":"https:\/\/museu-angra.cultura.azores.gov.pt\/en\/events\/falarte-the-aesthetics-and-ethics\/","url":"https:\/\/museu-angra.cultura.azores.gov.pt\/en\/events\/falarte-the-aesthetics-and-ethics\/","name":"falArte The Aesthetics and Ethics - Museum of Angra do Heroismo","isPartOf":{"@id":"https:\/\/museu-angra.cultura.azores.gov.pt\/en\/#website"},"datePublished":"2024-07-09T11:28:59+00:00","dateModified":"2024-07-25T15:17:03+00:00","breadcrumb":{"@id":"https:\/\/museu-angra.cultura.azores.gov.pt\/en\/events\/falarte-the-aesthetics-and-ethics\/#breadcrumb"},"inLanguage":"en-US","potentialAction":[{"@type":"ReadAction","target":["https:\/\/museu-angra.cultura.azores.gov.pt\/en\/events\/falarte-the-aesthetics-and-ethics\/"]}]},{"@type":"BreadcrumbList","@id":"https:\/\/museu-angra.cultura.azores.gov.pt\/en\/events\/falarte-the-aesthetics-and-ethics\/#breadcrumb","itemListElement":[{"@type":"ListItem","position":1,"name":"Início","item":"https:\/\/museu-angra.cultura.azores.gov.pt\/en\/"},{"@type":"ListItem","position":2,"name":"Events","item":"https:\/\/museu-angra.cultura.azores.gov.pt\/en\/events\/"},{"@type":"ListItem","position":3,"name":"falArte The Aesthetics and Ethics"}]},{"@type":"WebSite","@id":"https:\/\/museu-angra.cultura.azores.gov.pt\/en\/#website","url":"https:\/\/museu-angra.cultura.azores.gov.pt\/en\/","name":"Museu de Angra do Heroísmo","description":"Website do Museu de Angra do Heroismo.","publisher":{"@id":"https:\/\/museu-angra.cultura.azores.gov.pt\/en\/#organization"},"potentialAction":[{"@type":"SearchAction","target":{"@type":"EntryPoint","urlTemplate":"https:\/\/museu-angra.cultura.azores.gov.pt\/en\/?s={search_term_string}"},"query-input":{"@type":"PropertyValueSpecification","valueRequired":true,"valueName":"search_term_string"}}],"inLanguage":"en-US"},{"@type":"Organization","@id":"https:\/\/museu-angra.cultura.azores.gov.pt\/en\/#organization","name":"Museu de Angra do Heroísmo","url":"https:\/\/museu-angra.cultura.azores.gov.pt\/en\/","logo":{"@type":"ImageObject","inLanguage":"en-US","@id":"https:\/\/museu-angra.cultura.azores.gov.pt\/en\/#\/schema\/logo\/image\/","url":"https:\/\/museu-angra.cultura.azores.gov.pt\/wp-content\/uploads\/2024\/01\/MicrosoftTeams-image-1.png","contentUrl":"https:\/\/museu-angra.cultura.azores.gov.pt\/wp-content\/uploads\/2024\/01\/MicrosoftTeams-image-1.png","width":512,"height":512,"caption":"Museu de Angra do Heroísmo"},"image":{"@id":"https:\/\/museu-angra.cultura.azores.gov.pt\/en\/#\/schema\/logo\/image\/"},"sameAs":["https:\/\/www.facebook.com\/MuseuDeAngraDoHeroismo","https:\/\/www.instagram.com\/museu.angra\/"]}]}</script>
<!-- / Yoast SEO plugin. -->

Speaker: Maria Assunção MeloPromotional event for the exhibitions Lugar Fictício/Terra Prometida | Paintings by Eduardo Carqueijeiro and Lisboa/Pequim/Lisboa | Photography by Pepa BrixWe will continuie our artistic education programme by reflecting on the mutations to which the aesthetic categories of art are subject, in diachronic and civilisational terms, and considering the relationships established between aesthetics [&hellip;]

Início

Museu de Angra do Heroísmo
