{"id":2055,"date":"2024-04-30T14:59:29","date_gmt":"2024-04-30T14:59:29","guid":{"rendered":"https:\/\/museu-angra.cultura.azores.gov.pt\/events\/acores-em-cores-book-launch\/"},"modified":"2024-06-19T12:13:12","modified_gmt":"2024-06-19T12:13:12","slug":"acores-em-cores-book-launch","status":"publish","type":"event","link":"https:\/\/museu-angra.cultura.azores.gov.pt\/en\/events\/acores-em-cores-book-launch\/","title":{"rendered":"&#8220;A\u00e7ores em Cores&#8221; Book Launch"},"content":{"rendered":"\n<p>We will host the launch of the book <strong>A\u00e7ores em Cores<\/strong> (Azores in Colour) by \u00cdgor Lopes, with a presentation by Claudine Louren\u00e7o.<br\/>The book, which has already been launched in Rio de Janeiro, highlights the natural beauty, culture and other details about the Azorean archipelago that Brazilians and Luso-descendants should know.<\/p>\n","protected":false},"excerpt":{"rendered":"<p>We will host the launch of the book A\u00e7ores em Cores (Azores in Colour) by \u00cdgor Lopes, with a presentation by Claudine Louren\u00e7o.The book, which has already been launched in Rio de Janeiro, highlights the natural beauty, culture and other details about the Azorean archipelago that Brazilians and Luso-descendants should know.<\/p>\n","protected":false},"template":"","class_list":["post-2055","event","type-event","status-publish","hentry"],"acf":[],"yoast_head":"<!-- This site is optimized with the Yoast SEO plugin v27.4 - https:\/\/yoast.com\/product\/yoast-seo-wordpress\/ -->\n<title>&quot;A\u00e7ores em Cores&quot; Book Launch - Museum of Angra do Heroismo<\/title>\n<meta name=\"robots\" content=\"index, follow, max-snippet:-1, max-image-preview:large, max-video-preview:-1\" \/>\n<link rel=\"canonical\" href=\"https:\/\/museu-angra.cultura.azores.gov.pt\/en\/events\/acores-em-cores-book-launch\/\" \/>\n<meta property=\"og:locale\" content=\"en_US\" \/>\n<meta property=\"og:type\" content=\"article\" \/>\n<meta property=\"og:title\" content=\"&quot;A\u00e7ores em Cores&quot; Book Launch - Museum of Angra do Heroismo\" \/>\n<meta property=\"og:description\" content=\"We will host the launch of the book A\u00e7ores em Cores (Azores in Colour) by \u00cdgor Lopes, with a presentation by Claudine Louren\u00e7o.The book, which has already been launched in Rio de Janeiro, highlights the natural beauty, culture and other details about the Azorean archipelago that Brazilians and Luso-descendants should know.\" \/>\n<meta property=\"og:url\" content=\"https:\/\/museu-angra.cultura.azores.gov.pt\/en\/events\/acores-em-cores-book-launch\/\" \/>\n<meta property=\"og:site_name\" content=\"Museum of Angra do Heroismo\" \/>\n<meta property=\"article:publisher\" content=\"https:\/\/www.facebook.com\/MuseuDeAngraDoHeroismo\" \/>\n<meta property=\"article:modified_time\" content=\"2024-06-19T12:13:12+00:00\" \/>\n<meta name=\"twitter:card\" content=\"summary_large_image\" \/>\n<script type=\"application\/ld+json\" class=\"yoast-schema-graph\">{\"@context\":\"https:\\\/\\\/schema.org\",\"@graph\":[{\"@type\":\"WebPage\",\"@id\":\"https:\\\/\\\/museu-angra.cultura.azores.gov.pt\\\/en\\\/events\\\/acores-em-cores-book-launch\\\/\",\"url\":\"https:\\\/\\\/museu-angra.cultura.azores.gov.pt\\\/en\\\/events\\\/acores-em-cores-book-launch\\\/\",\"name\":\"\\\"A\u00e7ores em Cores\\\" Book Launch - Museum of Angra do Heroismo\",\"isPartOf\":{\"@id\":\"https:\\\/\\\/museu-angra.cultura.azores.gov.pt\\\/en\\\/#website\"},\"datePublished\":\"2024-04-30T14:59:29+00:00\",\"dateModified\":\"2024-06-19T12:13:12+00:00\",\"breadcrumb\":{\"@id\":\"https:\\\/\\\/museu-angra.cultura.azores.gov.pt\\\/en\\\/events\\\/acores-em-cores-book-launch\\\/#breadcrumb\"},\"inLanguage\":\"en-US\",\"potentialAction\":[{\"@type\":\"ReadAction\",\"target\":[\"https:\\\/\\\/museu-angra.cultura.azores.gov.pt\\\/en\\\/events\\\/acores-em-cores-book-launch\\\/\"]}]},{\"@type\":\"BreadcrumbList\",\"@id\":\"https:\\\/\\\/museu-angra.cultura.azores.gov.pt\\\/en\\\/events\\\/acores-em-cores-book-launch\\\/#breadcrumb\",\"itemListElement\":[{\"@type\":\"ListItem\",\"position\":1,\"name\":\"In\u00edcio\",\"item\":\"https:\\\/\\\/museu-angra.cultura.azores.gov.pt\\\/en\\\/\"},{\"@type\":\"ListItem\",\"position\":2,\"name\":\"Events\",\"item\":\"https:\\\/\\\/museu-angra.cultura.azores.gov.pt\\\/en\\\/events\\\/\"},{\"@type\":\"ListItem\",\"position\":3,\"name\":\"&#8220;A\u00e7ores em Cores&#8221; Book Launch\"}]},{\"@type\":\"WebSite\",\"@id\":\"https:\\\/\\\/museu-angra.cultura.azores.gov.pt\\\/en\\\/#website\",\"url\":\"https:\\\/\\\/museu-angra.cultura.azores.gov.pt\\\/en\\\/\",\"name\":\"Museu de Angra do Hero\u00edsmo\",\"description\":\"Website do Museu de Angra do Heroismo.\",\"publisher\":{\"@id\":\"https:\\\/\\\/museu-angra.cultura.azores.gov.pt\\\/en\\\/#organization\"},\"potentialAction\":[{\"@type\":\"SearchAction\",\"target\":{\"@type\":\"EntryPoint\",\"urlTemplate\":\"https:\\\/\\\/museu-angra.cultura.azores.gov.pt\\\/en\\\/?s={search_term_string}\"},\"query-input\":{\"@type\":\"PropertyValueSpecification\",\"valueRequired\":true,\"valueName\":\"search_term_string\"}}],\"inLanguage\":\"en-US\"},{\"@type\":\"Organization\",\"@id\":\"https:\\\/\\\/museu-angra.cultura.azores.gov.pt\\\/en\\\/#organization\",\"name\":\"Museu de Angra do Hero\u00edsmo\",\"url\":\"https:\\\/\\\/museu-angra.cultura.azores.gov.pt\\\/en\\\/\",\"logo\":{\"@type\":\"ImageObject\",\"inLanguage\":\"en-US\",\"@id\":\"https:\\\/\\\/museu-angra.cultura.azores.gov.pt\\\/en\\\/#\\\/schema\\\/logo\\\/image\\\/\",\"url\":\"https:\\\/\\\/museu-angra.cultura.azores.gov.pt\\\/wp-content\\\/uploads\\\/2024\\\/01\\\/MicrosoftTeams-image-1.png\",\"contentUrl\":\"https:\\\/\\\/museu-angra.cultura.azores.gov.pt\\\/wp-content\\\/uploads\\\/2024\\\/01\\\/MicrosoftTeams-image-1.png\",\"width\":512,\"height\":512,\"caption\":\"Museu de Angra do Hero\u00edsmo\"},\"image\":{\"@id\":\"https:\\\/\\\/museu-angra.cultura.azores.gov.pt\\\/en\\\/#\\\/schema\\\/logo\\\/image\\\/\"},\"sameAs\":[\"https:\\\/\\\/www.facebook.com\\\/MuseuDeAngraDoHeroismo\",\"https:\\\/\\\/www.instagram.com\\\/museu.angra\\\/\"]}]}<\/script>\n<!-- \/ Yoast SEO plugin. -->","yoast_head_json":{"title":"\"A\u00e7ores em Cores\" Book Launch - Museum of Angra do Heroismo","robots":{"index":"index","follow":"follow","max-snippet":"max-snippet:-1","max-image-preview":"max-image-preview:large","max-video-preview":"max-video-preview:-1"},"canonical":"https:\/\/museu-angra.cultura.azores.gov.pt\/en\/events\/acores-em-cores-book-launch\/","og_locale":"en_US","og_type":"article","og_title":"\"A\u00e7ores em Cores\" Book Launch - Museum of Angra do Heroismo","og_description":"We will host the launch of the book A\u00e7ores em Cores (Azores in Colour) by \u00cdgor Lopes, with a presentation by Claudine Louren\u00e7o.The book, which has already been launched in Rio de Janeiro, highlights the natural beauty, culture and other details about the Azorean archipelago that Brazilians and Luso-descendants should know.","og_url":"https:\/\/museu-angra.cultura.azores.gov.pt\/en\/events\/acores-em-cores-book-launch\/","og_site_name":"Museum of Angra do Heroismo","article_publisher":"https:\/\/www.facebook.com\/MuseuDeAngraDoHeroismo","article_modified_time":"2024-06-19T12:13:12+00:00","twitter_card":"summary_large_image","schema":{"@context":"https:\/\/schema.org","@graph":[{"@type":"WebPage","@id":"https:\/\/museu-angra.cultura.azores.gov.pt\/en\/events\/acores-em-cores-book-launch\/","url":"https:\/\/museu-angra.cultura.azores.gov.pt\/en\/events\/acores-em-cores-book-launch\/","name":"\"A\u00e7ores em Cores\" Book Launch - Museum of Angra do Heroismo","isPartOf":{"@id":"https:\/\/museu-angra.cultura.azores.gov.pt\/en\/#website"},"datePublished":"2024-04-30T14:59:29+00:00","dateModified":"2024-06-19T12:13:12+00:00","breadcrumb":{"@id":"https:\/\/museu-angra.cultura.azores.gov.pt\/en\/events\/acores-em-cores-book-launch\/#breadcrumb"},"inLanguage":"en-US","potentialAction":[{"@type":"ReadAction","target":["https:\/\/museu-angra.cultura.azores.gov.pt\/en\/events\/acores-em-cores-book-launch\/"]}]},{"@type":"BreadcrumbList","@id":"https:\/\/museu-angra.cultura.azores.gov.pt\/en\/events\/acores-em-cores-book-launch\/#breadcrumb","itemListElement":[{"@type":"ListItem","position":1,"name":"In\u00edcio","item":"https:\/\/museu-angra.cultura.azores.gov.pt\/en\/"},{"@type":"ListItem","position":2,"name":"Events","item":"https:\/\/museu-angra.cultura.azores.gov.pt\/en\/events\/"},{"@type":"ListItem","position":3,"name":"&#8220;A\u00e7ores em Cores&#8221; Book Launch"}]},{"@type":"WebSite","@id":"https:\/\/museu-angra.cultura.azores.gov.pt\/en\/#website","url":"https:\/\/museu-angra.cultura.azores.gov.pt\/en\/","name":"Museu de Angra do Hero\u00edsmo","description":"Website do Museu de Angra do Heroismo.","publisher":{"@id":"https:\/\/museu-angra.cultura.azores.gov.pt\/en\/#organization"},"potentialAction":[{"@type":"SearchAction","target":{"@type":"EntryPoint","urlTemplate":"https:\/\/museu-angra.cultura.azores.gov.pt\/en\/?s={search_term_string}"},"query-input":{"@type":"PropertyValueSpecification","valueRequired":true,"valueName":"search_term_string"}}],"inLanguage":"en-US"},{"@type":"Organization","@id":"https:\/\/museu-angra.cultura.azores.gov.pt\/en\/#organization","name":"Museu de Angra do Hero\u00edsmo","url":"https:\/\/museu-angra.cultura.azores.gov.pt\/en\/","logo":{"@type":"ImageObject","inLanguage":"en-US","@id":"https:\/\/museu-angra.cultura.azores.gov.pt\/en\/#\/schema\/logo\/image\/","url":"https:\/\/museu-angra.cultura.azores.gov.pt\/wp-content\/uploads\/2024\/01\/MicrosoftTeams-image-1.png","contentUrl":"https:\/\/museu-angra.cultura.azores.gov.pt\/wp-content\/uploads\/2024\/01\/MicrosoftTeams-image-1.png","width":512,"height":512,"caption":"Museu de Angra do Hero\u00edsmo"},"image":{"@id":"https:\/\/museu-angra.cultura.azores.gov.pt\/en\/#\/schema\/logo\/image\/"},"sameAs":["https:\/\/www.facebook.com\/MuseuDeAngraDoHeroismo","https:\/\/www.instagram.com\/museu.angra\/"]}]}},"_links":{"self":[{"href":"https:\/\/museu-angra.cultura.azores.gov.pt\/en\/wp-json\/wp\/v2\/event\/2055","targetHints":{"allow":["GET"]}}],"collection":[{"href":"https:\/\/museu-angra.cultura.azores.gov.pt\/en\/wp-json\/wp\/v2\/event"}],"about":[{"href":"https:\/\/museu-angra.cultura.azores.gov.pt\/en\/wp-json\/wp\/v2\/types\/event"}],"wp:attachment":[{"href":"https:\/\/museu-angra.cultura.azores.gov.pt\/en\/wp-json\/wp\/v2\/media?parent=2055"}],"curies":[{"name":"wp","href":"https:\/\/api.w.org\/{rel}","templated":true}]}}

&#8220;Açores em Cores&#8221; Book Launch

<p>We will host the launch of the book <strong>Açores em Cores</strong> (Azores in Colour) by Ígor Lopes, with a presentation by Claudine Lourenço.<br/>The book, which has already been launched in Rio de Janeiro, highlights the natural beauty, culture and other details about the Azorean archipelago that Brazilians and Luso-descendants should know.</p>

<p>We will host the launch of the book Açores em Cores (Azores in Colour) by Ígor Lopes, with a presentation by Claudine Lourenço.The book, which has already been launched in Rio de Janeiro, highlights the natural beauty, culture and other details about the Azorean archipelago that Brazilians and Luso-descendants should know.</p>

<!-- This site is optimized with the Yoast SEO plugin v27.4 - https://yoast.com/product/yoast-seo-wordpress/ -->
<title>&quot;Açores em Cores&quot; Book Launch - Museum of Angra do Heroismo</title>
<meta name="robots" content="index, follow, max-snippet:-1, max-image-preview:large, max-video-preview:-1" />
<link rel="canonical" href="https://museu-angra.cultura.azores.gov.pt/en/events/acores-em-cores-book-launch/" />
<meta property="og:locale" content="en_US" />
<meta property="og:type" content="article" />
<meta property="og:title" content="&quot;Açores em Cores&quot; Book Launch - Museum of Angra do Heroismo" />
<meta property="og:description" content="We will host the launch of the book Açores em Cores (Azores in Colour) by Ígor Lopes, with a presentation by Claudine Lourenço.The book, which has already been launched in Rio de Janeiro, highlights the natural beauty, culture and other details about the Azorean archipelago that Brazilians and Luso-descendants should know." />
<meta property="og:url" content="https://museu-angra.cultura.azores.gov.pt/en/events/acores-em-cores-book-launch/" />
<meta property="og:site_name" content="Museum of Angra do Heroismo" />
<meta property="article:publisher" content="https://www.facebook.com/MuseuDeAngraDoHeroismo" />
<meta property="article:modified_time" content="2024-06-19T12:13:12+00:00" />
<meta name="twitter:card" content="summary_large_image" />
<script type="application/ld+json" class="yoast-schema-graph">{"@context":"https:\/\/schema.org","@graph":[{"@type":"WebPage","@id":"https:\/\/museu-angra.cultura.azores.gov.pt\/en\/events\/acores-em-cores-book-launch\/","url":"https:\/\/museu-angra.cultura.azores.gov.pt\/en\/events\/acores-em-cores-book-launch\/","name":"\"Açores em Cores\" Book Launch - Museum of Angra do Heroismo","isPartOf":{"@id":"https:\/\/museu-angra.cultura.azores.gov.pt\/en\/#website"},"datePublished":"2024-04-30T14:59:29+00:00","dateModified":"2024-06-19T12:13:12+00:00","breadcrumb":{"@id":"https:\/\/museu-angra.cultura.azores.gov.pt\/en\/events\/acores-em-cores-book-launch\/#breadcrumb"},"inLanguage":"en-US","potentialAction":[{"@type":"ReadAction","target":["https:\/\/museu-angra.cultura.azores.gov.pt\/en\/events\/acores-em-cores-book-launch\/"]}]},{"@type":"BreadcrumbList","@id":"https:\/\/museu-angra.cultura.azores.gov.pt\/en\/events\/acores-em-cores-book-launch\/#breadcrumb","itemListElement":[{"@type":"ListItem","position":1,"name":"Início","item":"https:\/\/museu-angra.cultura.azores.gov.pt\/en\/"},{"@type":"ListItem","position":2,"name":"Events","item":"https:\/\/museu-angra.cultura.azores.gov.pt\/en\/events\/"},{"@type":"ListItem","position":3,"name":"&#8220;Açores em Cores&#8221; Book Launch"}]},{"@type":"WebSite","@id":"https:\/\/museu-angra.cultura.azores.gov.pt\/en\/#website","url":"https:\/\/museu-angra.cultura.azores.gov.pt\/en\/","name":"Museu de Angra do Heroísmo","description":"Website do Museu de Angra do Heroismo.","publisher":{"@id":"https:\/\/museu-angra.cultura.azores.gov.pt\/en\/#organization"},"potentialAction":[{"@type":"SearchAction","target":{"@type":"EntryPoint","urlTemplate":"https:\/\/museu-angra.cultura.azores.gov.pt\/en\/?s={search_term_string}"},"query-input":{"@type":"PropertyValueSpecification","valueRequired":true,"valueName":"search_term_string"}}],"inLanguage":"en-US"},{"@type":"Organization","@id":"https:\/\/museu-angra.cultura.azores.gov.pt\/en\/#organization","name":"Museu de Angra do Heroísmo","url":"https:\/\/museu-angra.cultura.azores.gov.pt\/en\/","logo":{"@type":"ImageObject","inLanguage":"en-US","@id":"https:\/\/museu-angra.cultura.azores.gov.pt\/en\/#\/schema\/logo\/image\/","url":"https:\/\/museu-angra.cultura.azores.gov.pt\/wp-content\/uploads\/2024\/01\/MicrosoftTeams-image-1.png","contentUrl":"https:\/\/museu-angra.cultura.azores.gov.pt\/wp-content\/uploads\/2024\/01\/MicrosoftTeams-image-1.png","width":512,"height":512,"caption":"Museu de Angra do Heroísmo"},"image":{"@id":"https:\/\/museu-angra.cultura.azores.gov.pt\/en\/#\/schema\/logo\/image\/"},"sameAs":["https:\/\/www.facebook.com\/MuseuDeAngraDoHeroismo","https:\/\/www.instagram.com\/museu.angra\/"]}]}</script>
<!-- / Yoast SEO plugin. -->

"Açores em Cores" Book Launch - Museum of Angra do Heroismo

We will host the launch of the book Açores em Cores (Azores in Colour) by Ígor Lopes, with a presentation by Claudine Lourenço.The book, which has already been launched in Rio de Janeiro, highlights the natural beauty, culture and other details about the Azorean archipelago that Brazilians and Luso-descendants should know.

Início

Museu de Angra do Heroísmo
