{"id":2041,"date":"2024-05-03T11:22:23","date_gmt":"2024-05-03T11:22:23","guid":{"rendered":"https:\/\/museu-angra.cultura.azores.gov.pt\/events\/franciscan-architecture-and-the-convent-of-saint-francis\/"},"modified":"2024-06-14T17:21:44","modified_gmt":"2024-06-14T17:21:44","slug":"franciscan-architecture-and-the-convent-of-saint-francis","status":"publish","type":"event","link":"https:\/\/museu-angra.cultura.azores.gov.pt\/en\/events\/franciscan-architecture-and-the-convent-of-saint-francis\/","title":{"rendered":"Franciscan Architecture and the Convent of Saint Francis"},"content":{"rendered":"\n<p>Lecture by the Architect Professor <strong>Jo\u00e3o Vieira Caldas<\/strong><br\/>Free Entry<\/p>\n\n<p>In this talk, which is open to the public, the building of the former Convent of S\u00e3o Francisco, where the Museum of Angra do Hero\u00edsmo is now located, will be given attention that goes far beyond its current functions, enriching its heritage content.<\/p>\n","protected":false},"excerpt":{"rendered":"<p>Lecture by the Architect Professor Jo\u00e3o Vieira CaldasFree Entry In this talk, which is open to the public, the building of the former Convent of S\u00e3o Francisco, where the Museum of Angra do Hero\u00edsmo is now located, will be given attention that goes far beyond its current functions, enriching its heritage content.<\/p>\n","protected":false},"template":"","class_list":["post-2041","event","type-event","status-publish","hentry"],"acf":[],"yoast_head":"<!-- This site is optimized with the Yoast SEO plugin v27.5 - https:\/\/yoast.com\/product\/yoast-seo-wordpress\/ -->\n<title>Franciscan Architecture and the Convent of Saint Francis - Museum of Angra do Heroismo<\/title>\n<meta name=\"robots\" content=\"index, follow, max-snippet:-1, max-image-preview:large, max-video-preview:-1\" \/>\n<link rel=\"canonical\" href=\"https:\/\/museu-angra.cultura.azores.gov.pt\/en\/events\/franciscan-architecture-and-the-convent-of-saint-francis\/\" \/>\n<meta property=\"og:locale\" content=\"en_US\" \/>\n<meta property=\"og:type\" content=\"article\" \/>\n<meta property=\"og:title\" content=\"Franciscan Architecture and the Convent of Saint Francis - Museum of Angra do Heroismo\" \/>\n<meta property=\"og:description\" content=\"Lecture by the Architect Professor Jo\u00e3o Vieira CaldasFree Entry In this talk, which is open to the public, the building of the former Convent of S\u00e3o Francisco, where the Museum of Angra do Hero\u00edsmo is now located, will be given attention that goes far beyond its current functions, enriching its heritage content.\" \/>\n<meta property=\"og:url\" content=\"https:\/\/museu-angra.cultura.azores.gov.pt\/en\/events\/franciscan-architecture-and-the-convent-of-saint-francis\/\" \/>\n<meta property=\"og:site_name\" content=\"Museum of Angra do Heroismo\" \/>\n<meta property=\"article:publisher\" content=\"https:\/\/www.facebook.com\/MuseuDeAngraDoHeroismo\" \/>\n<meta property=\"article:modified_time\" content=\"2024-06-14T17:21:44+00:00\" \/>\n<meta name=\"twitter:card\" content=\"summary_large_image\" \/>\n<script type=\"application\/ld+json\" class=\"yoast-schema-graph\">{\"@context\":\"https:\\\/\\\/schema.org\",\"@graph\":[{\"@type\":\"WebPage\",\"@id\":\"https:\\\/\\\/museu-angra.cultura.azores.gov.pt\\\/en\\\/events\\\/franciscan-architecture-and-the-convent-of-saint-francis\\\/\",\"url\":\"https:\\\/\\\/museu-angra.cultura.azores.gov.pt\\\/en\\\/events\\\/franciscan-architecture-and-the-convent-of-saint-francis\\\/\",\"name\":\"Franciscan Architecture and the Convent of Saint Francis - Museum of Angra do Heroismo\",\"isPartOf\":{\"@id\":\"https:\\\/\\\/museu-angra.cultura.azores.gov.pt\\\/en\\\/#website\"},\"datePublished\":\"2024-05-03T11:22:23+00:00\",\"dateModified\":\"2024-06-14T17:21:44+00:00\",\"breadcrumb\":{\"@id\":\"https:\\\/\\\/museu-angra.cultura.azores.gov.pt\\\/en\\\/events\\\/franciscan-architecture-and-the-convent-of-saint-francis\\\/#breadcrumb\"},\"inLanguage\":\"en-US\",\"potentialAction\":[{\"@type\":\"ReadAction\",\"target\":[\"https:\\\/\\\/museu-angra.cultura.azores.gov.pt\\\/en\\\/events\\\/franciscan-architecture-and-the-convent-of-saint-francis\\\/\"]}]},{\"@type\":\"BreadcrumbList\",\"@id\":\"https:\\\/\\\/museu-angra.cultura.azores.gov.pt\\\/en\\\/events\\\/franciscan-architecture-and-the-convent-of-saint-francis\\\/#breadcrumb\",\"itemListElement\":[{\"@type\":\"ListItem\",\"position\":1,\"name\":\"In\u00edcio\",\"item\":\"https:\\\/\\\/museu-angra.cultura.azores.gov.pt\\\/en\\\/\"},{\"@type\":\"ListItem\",\"position\":2,\"name\":\"Events\",\"item\":\"https:\\\/\\\/museu-angra.cultura.azores.gov.pt\\\/en\\\/events\\\/\"},{\"@type\":\"ListItem\",\"position\":3,\"name\":\"Franciscan Architecture and the Convent of Saint Francis\"}]},{\"@type\":\"WebSite\",\"@id\":\"https:\\\/\\\/museu-angra.cultura.azores.gov.pt\\\/en\\\/#website\",\"url\":\"https:\\\/\\\/museu-angra.cultura.azores.gov.pt\\\/en\\\/\",\"name\":\"Museu de Angra do Hero\u00edsmo\",\"description\":\"Website do Museu de Angra do Heroismo.\",\"publisher\":{\"@id\":\"https:\\\/\\\/museu-angra.cultura.azores.gov.pt\\\/en\\\/#organization\"},\"potentialAction\":[{\"@type\":\"SearchAction\",\"target\":{\"@type\":\"EntryPoint\",\"urlTemplate\":\"https:\\\/\\\/museu-angra.cultura.azores.gov.pt\\\/en\\\/?s={search_term_string}\"},\"query-input\":{\"@type\":\"PropertyValueSpecification\",\"valueRequired\":true,\"valueName\":\"search_term_string\"}}],\"inLanguage\":\"en-US\"},{\"@type\":\"Organization\",\"@id\":\"https:\\\/\\\/museu-angra.cultura.azores.gov.pt\\\/en\\\/#organization\",\"name\":\"Museu de Angra do Hero\u00edsmo\",\"url\":\"https:\\\/\\\/museu-angra.cultura.azores.gov.pt\\\/en\\\/\",\"logo\":{\"@type\":\"ImageObject\",\"inLanguage\":\"en-US\",\"@id\":\"https:\\\/\\\/museu-angra.cultura.azores.gov.pt\\\/en\\\/#\\\/schema\\\/logo\\\/image\\\/\",\"url\":\"https:\\\/\\\/museu-angra.cultura.azores.gov.pt\\\/wp-content\\\/uploads\\\/2024\\\/01\\\/MicrosoftTeams-image-1.png\",\"contentUrl\":\"https:\\\/\\\/museu-angra.cultura.azores.gov.pt\\\/wp-content\\\/uploads\\\/2024\\\/01\\\/MicrosoftTeams-image-1.png\",\"width\":512,\"height\":512,\"caption\":\"Museu de Angra do Hero\u00edsmo\"},\"image\":{\"@id\":\"https:\\\/\\\/museu-angra.cultura.azores.gov.pt\\\/en\\\/#\\\/schema\\\/logo\\\/image\\\/\"},\"sameAs\":[\"https:\\\/\\\/www.facebook.com\\\/MuseuDeAngraDoHeroismo\",\"https:\\\/\\\/www.instagram.com\\\/museu.angra\\\/\"]}]}<\/script>\n<!-- \/ Yoast SEO plugin. -->","yoast_head_json":{"title":"Franciscan Architecture and the Convent of Saint Francis - Museum of Angra do Heroismo","robots":{"index":"index","follow":"follow","max-snippet":"max-snippet:-1","max-image-preview":"max-image-preview:large","max-video-preview":"max-video-preview:-1"},"canonical":"https:\/\/museu-angra.cultura.azores.gov.pt\/en\/events\/franciscan-architecture-and-the-convent-of-saint-francis\/","og_locale":"en_US","og_type":"article","og_title":"Franciscan Architecture and the Convent of Saint Francis - Museum of Angra do Heroismo","og_description":"Lecture by the Architect Professor Jo\u00e3o Vieira CaldasFree Entry In this talk, which is open to the public, the building of the former Convent of S\u00e3o Francisco, where the Museum of Angra do Hero\u00edsmo is now located, will be given attention that goes far beyond its current functions, enriching its heritage content.","og_url":"https:\/\/museu-angra.cultura.azores.gov.pt\/en\/events\/franciscan-architecture-and-the-convent-of-saint-francis\/","og_site_name":"Museum of Angra do Heroismo","article_publisher":"https:\/\/www.facebook.com\/MuseuDeAngraDoHeroismo","article_modified_time":"2024-06-14T17:21:44+00:00","twitter_card":"summary_large_image","schema":{"@context":"https:\/\/schema.org","@graph":[{"@type":"WebPage","@id":"https:\/\/museu-angra.cultura.azores.gov.pt\/en\/events\/franciscan-architecture-and-the-convent-of-saint-francis\/","url":"https:\/\/museu-angra.cultura.azores.gov.pt\/en\/events\/franciscan-architecture-and-the-convent-of-saint-francis\/","name":"Franciscan Architecture and the Convent of Saint Francis - Museum of Angra do Heroismo","isPartOf":{"@id":"https:\/\/museu-angra.cultura.azores.gov.pt\/en\/#website"},"datePublished":"2024-05-03T11:22:23+00:00","dateModified":"2024-06-14T17:21:44+00:00","breadcrumb":{"@id":"https:\/\/museu-angra.cultura.azores.gov.pt\/en\/events\/franciscan-architecture-and-the-convent-of-saint-francis\/#breadcrumb"},"inLanguage":"en-US","potentialAction":[{"@type":"ReadAction","target":["https:\/\/museu-angra.cultura.azores.gov.pt\/en\/events\/franciscan-architecture-and-the-convent-of-saint-francis\/"]}]},{"@type":"BreadcrumbList","@id":"https:\/\/museu-angra.cultura.azores.gov.pt\/en\/events\/franciscan-architecture-and-the-convent-of-saint-francis\/#breadcrumb","itemListElement":[{"@type":"ListItem","position":1,"name":"In\u00edcio","item":"https:\/\/museu-angra.cultura.azores.gov.pt\/en\/"},{"@type":"ListItem","position":2,"name":"Events","item":"https:\/\/museu-angra.cultura.azores.gov.pt\/en\/events\/"},{"@type":"ListItem","position":3,"name":"Franciscan Architecture and the Convent of Saint Francis"}]},{"@type":"WebSite","@id":"https:\/\/museu-angra.cultura.azores.gov.pt\/en\/#website","url":"https:\/\/museu-angra.cultura.azores.gov.pt\/en\/","name":"Museu de Angra do Hero\u00edsmo","description":"Website do Museu de Angra do Heroismo.","publisher":{"@id":"https:\/\/museu-angra.cultura.azores.gov.pt\/en\/#organization"},"potentialAction":[{"@type":"SearchAction","target":{"@type":"EntryPoint","urlTemplate":"https:\/\/museu-angra.cultura.azores.gov.pt\/en\/?s={search_term_string}"},"query-input":{"@type":"PropertyValueSpecification","valueRequired":true,"valueName":"search_term_string"}}],"inLanguage":"en-US"},{"@type":"Organization","@id":"https:\/\/museu-angra.cultura.azores.gov.pt\/en\/#organization","name":"Museu de Angra do Hero\u00edsmo","url":"https:\/\/museu-angra.cultura.azores.gov.pt\/en\/","logo":{"@type":"ImageObject","inLanguage":"en-US","@id":"https:\/\/museu-angra.cultura.azores.gov.pt\/en\/#\/schema\/logo\/image\/","url":"https:\/\/museu-angra.cultura.azores.gov.pt\/wp-content\/uploads\/2024\/01\/MicrosoftTeams-image-1.png","contentUrl":"https:\/\/museu-angra.cultura.azores.gov.pt\/wp-content\/uploads\/2024\/01\/MicrosoftTeams-image-1.png","width":512,"height":512,"caption":"Museu de Angra do Hero\u00edsmo"},"image":{"@id":"https:\/\/museu-angra.cultura.azores.gov.pt\/en\/#\/schema\/logo\/image\/"},"sameAs":["https:\/\/www.facebook.com\/MuseuDeAngraDoHeroismo","https:\/\/www.instagram.com\/museu.angra\/"]}]}},"_links":{"self":[{"href":"https:\/\/museu-angra.cultura.azores.gov.pt\/en\/wp-json\/wp\/v2\/event\/2041","targetHints":{"allow":["GET"]}}],"collection":[{"href":"https:\/\/museu-angra.cultura.azores.gov.pt\/en\/wp-json\/wp\/v2\/event"}],"about":[{"href":"https:\/\/museu-angra.cultura.azores.gov.pt\/en\/wp-json\/wp\/v2\/types\/event"}],"wp:attachment":[{"href":"https:\/\/museu-angra.cultura.azores.gov.pt\/en\/wp-json\/wp\/v2\/media?parent=2041"}],"curies":[{"name":"wp","href":"https:\/\/api.w.org\/{rel}","templated":true}]}}

<p>Lecture by the Architect Professor <strong>João Vieira Caldas</strong><br/>Free Entry</p>

<p>In this talk, which is open to the public, the building of the former Convent of São Francisco, where the Museum of Angra do Heroísmo is now located, will be given attention that goes far beyond its current functions, enriching its heritage content.</p>

<p>Lecture by the Architect Professor João Vieira CaldasFree Entry In this talk, which is open to the public, the building of the former Convent of São Francisco, where the Museum of Angra do Heroísmo is now located, will be given attention that goes far beyond its current functions, enriching its heritage content.</p>

<!-- This site is optimized with the Yoast SEO plugin v27.5 - https://yoast.com/product/yoast-seo-wordpress/ -->
<title>Franciscan Architecture and the Convent of Saint Francis - Museum of Angra do Heroismo</title>
<meta name="robots" content="index, follow, max-snippet:-1, max-image-preview:large, max-video-preview:-1" />
<link rel="canonical" href="https://museu-angra.cultura.azores.gov.pt/en/events/franciscan-architecture-and-the-convent-of-saint-francis/" />
<meta property="og:locale" content="en_US" />
<meta property="og:type" content="article" />
<meta property="og:title" content="Franciscan Architecture and the Convent of Saint Francis - Museum of Angra do Heroismo" />
<meta property="og:description" content="Lecture by the Architect Professor João Vieira CaldasFree Entry In this talk, which is open to the public, the building of the former Convent of São Francisco, where the Museum of Angra do Heroísmo is now located, will be given attention that goes far beyond its current functions, enriching its heritage content." />
<meta property="og:url" content="https://museu-angra.cultura.azores.gov.pt/en/events/franciscan-architecture-and-the-convent-of-saint-francis/" />
<meta property="og:site_name" content="Museum of Angra do Heroismo" />
<meta property="article:publisher" content="https://www.facebook.com/MuseuDeAngraDoHeroismo" />
<meta property="article:modified_time" content="2024-06-14T17:21:44+00:00" />
<meta name="twitter:card" content="summary_large_image" />
<script type="application/ld+json" class="yoast-schema-graph">{"@context":"https:\/\/schema.org","@graph":[{"@type":"WebPage","@id":"https:\/\/museu-angra.cultura.azores.gov.pt\/en\/events\/franciscan-architecture-and-the-convent-of-saint-francis\/","url":"https:\/\/museu-angra.cultura.azores.gov.pt\/en\/events\/franciscan-architecture-and-the-convent-of-saint-francis\/","name":"Franciscan Architecture and the Convent of Saint Francis - Museum of Angra do Heroismo","isPartOf":{"@id":"https:\/\/museu-angra.cultura.azores.gov.pt\/en\/#website"},"datePublished":"2024-05-03T11:22:23+00:00","dateModified":"2024-06-14T17:21:44+00:00","breadcrumb":{"@id":"https:\/\/museu-angra.cultura.azores.gov.pt\/en\/events\/franciscan-architecture-and-the-convent-of-saint-francis\/#breadcrumb"},"inLanguage":"en-US","potentialAction":[{"@type":"ReadAction","target":["https:\/\/museu-angra.cultura.azores.gov.pt\/en\/events\/franciscan-architecture-and-the-convent-of-saint-francis\/"]}]},{"@type":"BreadcrumbList","@id":"https:\/\/museu-angra.cultura.azores.gov.pt\/en\/events\/franciscan-architecture-and-the-convent-of-saint-francis\/#breadcrumb","itemListElement":[{"@type":"ListItem","position":1,"name":"Início","item":"https:\/\/museu-angra.cultura.azores.gov.pt\/en\/"},{"@type":"ListItem","position":2,"name":"Events","item":"https:\/\/museu-angra.cultura.azores.gov.pt\/en\/events\/"},{"@type":"ListItem","position":3,"name":"Franciscan Architecture and the Convent of Saint Francis"}]},{"@type":"WebSite","@id":"https:\/\/museu-angra.cultura.azores.gov.pt\/en\/#website","url":"https:\/\/museu-angra.cultura.azores.gov.pt\/en\/","name":"Museu de Angra do Heroísmo","description":"Website do Museu de Angra do Heroismo.","publisher":{"@id":"https:\/\/museu-angra.cultura.azores.gov.pt\/en\/#organization"},"potentialAction":[{"@type":"SearchAction","target":{"@type":"EntryPoint","urlTemplate":"https:\/\/museu-angra.cultura.azores.gov.pt\/en\/?s={search_term_string}"},"query-input":{"@type":"PropertyValueSpecification","valueRequired":true,"valueName":"search_term_string"}}],"inLanguage":"en-US"},{"@type":"Organization","@id":"https:\/\/museu-angra.cultura.azores.gov.pt\/en\/#organization","name":"Museu de Angra do Heroísmo","url":"https:\/\/museu-angra.cultura.azores.gov.pt\/en\/","logo":{"@type":"ImageObject","inLanguage":"en-US","@id":"https:\/\/museu-angra.cultura.azores.gov.pt\/en\/#\/schema\/logo\/image\/","url":"https:\/\/museu-angra.cultura.azores.gov.pt\/wp-content\/uploads\/2024\/01\/MicrosoftTeams-image-1.png","contentUrl":"https:\/\/museu-angra.cultura.azores.gov.pt\/wp-content\/uploads\/2024\/01\/MicrosoftTeams-image-1.png","width":512,"height":512,"caption":"Museu de Angra do Heroísmo"},"image":{"@id":"https:\/\/museu-angra.cultura.azores.gov.pt\/en\/#\/schema\/logo\/image\/"},"sameAs":["https:\/\/www.facebook.com\/MuseuDeAngraDoHeroismo","https:\/\/www.instagram.com\/museu.angra\/"]}]}</script>
<!-- / Yoast SEO plugin. -->

Lecture by the Architect Professor João Vieira CaldasFree Entry In this talk, which is open to the public, the building of the former Convent of São Francisco, where the Museum of Angra do Heroísmo is now located, will be given attention that goes far beyond its current functions, enriching its heritage content.

Início

Museu de Angra do Heroísmo
