{"id":20041,"date":"2025-01-02T10:40:06","date_gmt":"2025-01-02T11:40:06","guid":{"rendered":"https:\/\/museu-angra.cultura.azores.gov.pt\/events\/a-tertulia-4-ministerio-das-mulheres\/"},"modified":"2025-12-31T14:14:45","modified_gmt":"2025-12-31T15:14:45","slug":"a-tertulia-4-ministerio-das-mulheres","status":"publish","type":"event","link":"https:\/\/museu-angra.cultura.azores.gov.pt\/en\/events\/a-tertulia-4-ministerio-das-mulheres\/","title":{"rendered":"A TERT\u00daLIA\/4 &#8211; Minist\u00e9rio das Mulheres"},"content":{"rendered":"\n<p><p data-start=\"119\" data-end=\"217\"><strong data-start=\"119\" data-end=\"150\">Museum of Angra do Hero\u00edsmo<\/strong><br data-start=\"150\" data-end=\"153\"\/><strong data-start=\"153\" data-end=\"215\">CARMINA | Dimas Simas Lopes Contemporary Art Gallery, 9 pm<\/strong><\/p>&#13;\n<p data-start=\"219\" data-end=\"476\">In this fourth edition of <em data-start=\"245\" data-end=\"257\">A Tert\u00falia<\/em>, curated and moderated by journalist Helena Fagundes, the aim is to highlight the role of women in Azorean society and their impact on it, emphasising their contributions in Science, Economics, Education and Culture.<\/p>&#13;\n<p data-start=\"478\" data-end=\"523\"><strong data-start=\"478\" data-end=\"488\">Entry:<\/strong> free<br data-start=\"493\" data-end=\"496\"\/><strong data-start=\"496\" data-end=\"521\">Bar service available<\/strong><\/p><\/p>\n\n<p><\/p>\n","protected":false},"excerpt":{"rendered":"<p>Museum of Angra do Hero\u00edsmoCARMINA | Dimas Simas Lopes Contemporary Art Gallery, 9 pm &#13; In this fourth edition of A Tert\u00falia, curated and moderated by journalist Helena Fagundes, the aim is to highlight the role of women in Azorean society and their impact on it, emphasising their contributions in Science, Economics, Education and Culture. [&hellip;]<\/p>\n","protected":false},"template":"","class_list":["post-20041","event","type-event","status-publish","hentry"],"acf":[],"yoast_head":"<!-- This site is optimized with the Yoast SEO plugin v27.5 - https:\/\/yoast.com\/product\/yoast-seo-wordpress\/ -->\n<title>A TERT\u00daLIA\/4 - Minist\u00e9rio das Mulheres - Museum of Angra do Heroismo<\/title>\n<meta name=\"robots\" content=\"index, follow, max-snippet:-1, max-image-preview:large, max-video-preview:-1\" \/>\n<link rel=\"canonical\" href=\"https:\/\/museu-angra.cultura.azores.gov.pt\/en\/events\/a-tertulia-4-ministerio-das-mulheres\/\" \/>\n<meta property=\"og:locale\" content=\"en_US\" \/>\n<meta property=\"og:type\" content=\"article\" \/>\n<meta property=\"og:title\" content=\"A TERT\u00daLIA\/4 - Minist\u00e9rio das Mulheres - Museum of Angra do Heroismo\" \/>\n<meta property=\"og:description\" content=\"Museum of Angra do Hero\u00edsmoCARMINA | Dimas Simas Lopes Contemporary Art Gallery, 9 pm &#013; In this fourth edition of A Tert\u00falia, curated and moderated by journalist Helena Fagundes, the aim is to highlight the role of women in Azorean society and their impact on it, emphasising their contributions in Science, Economics, Education and Culture. [&hellip;]\" \/>\n<meta property=\"og:url\" content=\"https:\/\/museu-angra.cultura.azores.gov.pt\/en\/events\/a-tertulia-4-ministerio-das-mulheres\/\" \/>\n<meta property=\"og:site_name\" content=\"Museum of Angra do Heroismo\" \/>\n<meta property=\"article:publisher\" content=\"https:\/\/www.facebook.com\/MuseuDeAngraDoHeroismo\" \/>\n<meta property=\"article:modified_time\" content=\"2025-12-31T15:14:45+00:00\" \/>\n<meta name=\"twitter:card\" content=\"summary_large_image\" \/>\n<script type=\"application\/ld+json\" class=\"yoast-schema-graph\">{\"@context\":\"https:\\\/\\\/schema.org\",\"@graph\":[{\"@type\":\"WebPage\",\"@id\":\"https:\\\/\\\/museu-angra.cultura.azores.gov.pt\\\/en\\\/events\\\/a-tertulia-4-ministerio-das-mulheres\\\/\",\"url\":\"https:\\\/\\\/museu-angra.cultura.azores.gov.pt\\\/en\\\/events\\\/a-tertulia-4-ministerio-das-mulheres\\\/\",\"name\":\"A TERT\u00daLIA\\\/4 - Minist\u00e9rio das Mulheres - Museum of Angra do Heroismo\",\"isPartOf\":{\"@id\":\"https:\\\/\\\/museu-angra.cultura.azores.gov.pt\\\/en\\\/#website\"},\"datePublished\":\"2025-01-02T11:40:06+00:00\",\"dateModified\":\"2025-12-31T15:14:45+00:00\",\"breadcrumb\":{\"@id\":\"https:\\\/\\\/museu-angra.cultura.azores.gov.pt\\\/en\\\/events\\\/a-tertulia-4-ministerio-das-mulheres\\\/#breadcrumb\"},\"inLanguage\":\"en-US\",\"potentialAction\":[{\"@type\":\"ReadAction\",\"target\":[\"https:\\\/\\\/museu-angra.cultura.azores.gov.pt\\\/en\\\/events\\\/a-tertulia-4-ministerio-das-mulheres\\\/\"]}]},{\"@type\":\"BreadcrumbList\",\"@id\":\"https:\\\/\\\/museu-angra.cultura.azores.gov.pt\\\/en\\\/events\\\/a-tertulia-4-ministerio-das-mulheres\\\/#breadcrumb\",\"itemListElement\":[{\"@type\":\"ListItem\",\"position\":1,\"name\":\"In\u00edcio\",\"item\":\"https:\\\/\\\/museu-angra.cultura.azores.gov.pt\\\/en\\\/\"},{\"@type\":\"ListItem\",\"position\":2,\"name\":\"Events\",\"item\":\"https:\\\/\\\/museu-angra.cultura.azores.gov.pt\\\/en\\\/events\\\/\"},{\"@type\":\"ListItem\",\"position\":3,\"name\":\"A TERT\u00daLIA\\\/4 &#8211; Minist\u00e9rio das Mulheres\"}]},{\"@type\":\"WebSite\",\"@id\":\"https:\\\/\\\/museu-angra.cultura.azores.gov.pt\\\/en\\\/#website\",\"url\":\"https:\\\/\\\/museu-angra.cultura.azores.gov.pt\\\/en\\\/\",\"name\":\"Museu de Angra do Hero\u00edsmo\",\"description\":\"Website do Museu de Angra do Heroismo.\",\"publisher\":{\"@id\":\"https:\\\/\\\/museu-angra.cultura.azores.gov.pt\\\/en\\\/#organization\"},\"potentialAction\":[{\"@type\":\"SearchAction\",\"target\":{\"@type\":\"EntryPoint\",\"urlTemplate\":\"https:\\\/\\\/museu-angra.cultura.azores.gov.pt\\\/en\\\/?s={search_term_string}\"},\"query-input\":{\"@type\":\"PropertyValueSpecification\",\"valueRequired\":true,\"valueName\":\"search_term_string\"}}],\"inLanguage\":\"en-US\"},{\"@type\":\"Organization\",\"@id\":\"https:\\\/\\\/museu-angra.cultura.azores.gov.pt\\\/en\\\/#organization\",\"name\":\"Museu de Angra do Hero\u00edsmo\",\"url\":\"https:\\\/\\\/museu-angra.cultura.azores.gov.pt\\\/en\\\/\",\"logo\":{\"@type\":\"ImageObject\",\"inLanguage\":\"en-US\",\"@id\":\"https:\\\/\\\/museu-angra.cultura.azores.gov.pt\\\/en\\\/#\\\/schema\\\/logo\\\/image\\\/\",\"url\":\"https:\\\/\\\/museu-angra.cultura.azores.gov.pt\\\/wp-content\\\/uploads\\\/2024\\\/01\\\/MicrosoftTeams-image-1.png\",\"contentUrl\":\"https:\\\/\\\/museu-angra.cultura.azores.gov.pt\\\/wp-content\\\/uploads\\\/2024\\\/01\\\/MicrosoftTeams-image-1.png\",\"width\":512,\"height\":512,\"caption\":\"Museu de Angra do Hero\u00edsmo\"},\"image\":{\"@id\":\"https:\\\/\\\/museu-angra.cultura.azores.gov.pt\\\/en\\\/#\\\/schema\\\/logo\\\/image\\\/\"},\"sameAs\":[\"https:\\\/\\\/www.facebook.com\\\/MuseuDeAngraDoHeroismo\",\"https:\\\/\\\/www.instagram.com\\\/museu.angra\\\/\"]}]}<\/script>\n<!-- \/ Yoast SEO plugin. -->","yoast_head_json":{"title":"A TERT\u00daLIA\/4 - Minist\u00e9rio das Mulheres - Museum of Angra do Heroismo","robots":{"index":"index","follow":"follow","max-snippet":"max-snippet:-1","max-image-preview":"max-image-preview:large","max-video-preview":"max-video-preview:-1"},"canonical":"https:\/\/museu-angra.cultura.azores.gov.pt\/en\/events\/a-tertulia-4-ministerio-das-mulheres\/","og_locale":"en_US","og_type":"article","og_title":"A TERT\u00daLIA\/4 - Minist\u00e9rio das Mulheres - Museum of Angra do Heroismo","og_description":"Museum of Angra do Hero\u00edsmoCARMINA | Dimas Simas Lopes Contemporary Art Gallery, 9 pm &#13; In this fourth edition of A Tert\u00falia, curated and moderated by journalist Helena Fagundes, the aim is to highlight the role of women in Azorean society and their impact on it, emphasising their contributions in Science, Economics, Education and Culture. [&hellip;]","og_url":"https:\/\/museu-angra.cultura.azores.gov.pt\/en\/events\/a-tertulia-4-ministerio-das-mulheres\/","og_site_name":"Museum of Angra do Heroismo","article_publisher":"https:\/\/www.facebook.com\/MuseuDeAngraDoHeroismo","article_modified_time":"2025-12-31T15:14:45+00:00","twitter_card":"summary_large_image","schema":{"@context":"https:\/\/schema.org","@graph":[{"@type":"WebPage","@id":"https:\/\/museu-angra.cultura.azores.gov.pt\/en\/events\/a-tertulia-4-ministerio-das-mulheres\/","url":"https:\/\/museu-angra.cultura.azores.gov.pt\/en\/events\/a-tertulia-4-ministerio-das-mulheres\/","name":"A TERT\u00daLIA\/4 - Minist\u00e9rio das Mulheres - Museum of Angra do Heroismo","isPartOf":{"@id":"https:\/\/museu-angra.cultura.azores.gov.pt\/en\/#website"},"datePublished":"2025-01-02T11:40:06+00:00","dateModified":"2025-12-31T15:14:45+00:00","breadcrumb":{"@id":"https:\/\/museu-angra.cultura.azores.gov.pt\/en\/events\/a-tertulia-4-ministerio-das-mulheres\/#breadcrumb"},"inLanguage":"en-US","potentialAction":[{"@type":"ReadAction","target":["https:\/\/museu-angra.cultura.azores.gov.pt\/en\/events\/a-tertulia-4-ministerio-das-mulheres\/"]}]},{"@type":"BreadcrumbList","@id":"https:\/\/museu-angra.cultura.azores.gov.pt\/en\/events\/a-tertulia-4-ministerio-das-mulheres\/#breadcrumb","itemListElement":[{"@type":"ListItem","position":1,"name":"In\u00edcio","item":"https:\/\/museu-angra.cultura.azores.gov.pt\/en\/"},{"@type":"ListItem","position":2,"name":"Events","item":"https:\/\/museu-angra.cultura.azores.gov.pt\/en\/events\/"},{"@type":"ListItem","position":3,"name":"A TERT\u00daLIA\/4 &#8211; Minist\u00e9rio das Mulheres"}]},{"@type":"WebSite","@id":"https:\/\/museu-angra.cultura.azores.gov.pt\/en\/#website","url":"https:\/\/museu-angra.cultura.azores.gov.pt\/en\/","name":"Museu de Angra do Hero\u00edsmo","description":"Website do Museu de Angra do Heroismo.","publisher":{"@id":"https:\/\/museu-angra.cultura.azores.gov.pt\/en\/#organization"},"potentialAction":[{"@type":"SearchAction","target":{"@type":"EntryPoint","urlTemplate":"https:\/\/museu-angra.cultura.azores.gov.pt\/en\/?s={search_term_string}"},"query-input":{"@type":"PropertyValueSpecification","valueRequired":true,"valueName":"search_term_string"}}],"inLanguage":"en-US"},{"@type":"Organization","@id":"https:\/\/museu-angra.cultura.azores.gov.pt\/en\/#organization","name":"Museu de Angra do Hero\u00edsmo","url":"https:\/\/museu-angra.cultura.azores.gov.pt\/en\/","logo":{"@type":"ImageObject","inLanguage":"en-US","@id":"https:\/\/museu-angra.cultura.azores.gov.pt\/en\/#\/schema\/logo\/image\/","url":"https:\/\/museu-angra.cultura.azores.gov.pt\/wp-content\/uploads\/2024\/01\/MicrosoftTeams-image-1.png","contentUrl":"https:\/\/museu-angra.cultura.azores.gov.pt\/wp-content\/uploads\/2024\/01\/MicrosoftTeams-image-1.png","width":512,"height":512,"caption":"Museu de Angra do Hero\u00edsmo"},"image":{"@id":"https:\/\/museu-angra.cultura.azores.gov.pt\/en\/#\/schema\/logo\/image\/"},"sameAs":["https:\/\/www.facebook.com\/MuseuDeAngraDoHeroismo","https:\/\/www.instagram.com\/museu.angra\/"]}]}},"_links":{"self":[{"href":"https:\/\/museu-angra.cultura.azores.gov.pt\/en\/wp-json\/wp\/v2\/event\/20041","targetHints":{"allow":["GET"]}}],"collection":[{"href":"https:\/\/museu-angra.cultura.azores.gov.pt\/en\/wp-json\/wp\/v2\/event"}],"about":[{"href":"https:\/\/museu-angra.cultura.azores.gov.pt\/en\/wp-json\/wp\/v2\/types\/event"}],"wp:attachment":[{"href":"https:\/\/museu-angra.cultura.azores.gov.pt\/en\/wp-json\/wp\/v2\/media?parent=20041"}],"curies":[{"name":"wp","href":"https:\/\/api.w.org\/{rel}","templated":true}]}}

A TERTÚLIA/4 &#8211; Ministério das Mulheres

<p><p data-start="119" data-end="217"><strong data-start="119" data-end="150">Museum of Angra do Heroísmo</strong><br data-start="150" data-end="153"/><strong data-start="153" data-end="215">CARMINA | Dimas Simas Lopes Contemporary Art Gallery, 9 pm</strong></p>&#13;
<p data-start="219" data-end="476">In this fourth edition of <em data-start="245" data-end="257">A Tertúlia</em>, curated and moderated by journalist Helena Fagundes, the aim is to highlight the role of women in Azorean society and their impact on it, emphasising their contributions in Science, Economics, Education and Culture.</p>&#13;
<p data-start="478" data-end="523"><strong data-start="478" data-end="488">Entry:</strong> free<br data-start="493" data-end="496"/><strong data-start="496" data-end="521">Bar service available</strong></p></p>

<p></p>

<p>Museum of Angra do HeroísmoCARMINA | Dimas Simas Lopes Contemporary Art Gallery, 9 pm &#13; In this fourth edition of A Tertúlia, curated and moderated by journalist Helena Fagundes, the aim is to highlight the role of women in Azorean society and their impact on it, emphasising their contributions in Science, Economics, Education and Culture. [&hellip;]</p>

<!-- This site is optimized with the Yoast SEO plugin v27.5 - https://yoast.com/product/yoast-seo-wordpress/ -->
<title>A TERTÚLIA/4 - Ministério das Mulheres - Museum of Angra do Heroismo</title>
<meta name="robots" content="index, follow, max-snippet:-1, max-image-preview:large, max-video-preview:-1" />
<link rel="canonical" href="https://museu-angra.cultura.azores.gov.pt/en/events/a-tertulia-4-ministerio-das-mulheres/" />
<meta property="og:locale" content="en_US" />
<meta property="og:type" content="article" />
<meta property="og:title" content="A TERTÚLIA/4 - Ministério das Mulheres - Museum of Angra do Heroismo" />
<meta property="og:description" content="Museum of Angra do HeroísmoCARMINA | Dimas Simas Lopes Contemporary Art Gallery, 9 pm &#013; In this fourth edition of A Tertúlia, curated and moderated by journalist Helena Fagundes, the aim is to highlight the role of women in Azorean society and their impact on it, emphasising their contributions in Science, Economics, Education and Culture. [&hellip;]" />
<meta property="og:url" content="https://museu-angra.cultura.azores.gov.pt/en/events/a-tertulia-4-ministerio-das-mulheres/" />
<meta property="og:site_name" content="Museum of Angra do Heroismo" />
<meta property="article:publisher" content="https://www.facebook.com/MuseuDeAngraDoHeroismo" />
<meta property="article:modified_time" content="2025-12-31T15:14:45+00:00" />
<meta name="twitter:card" content="summary_large_image" />
<script type="application/ld+json" class="yoast-schema-graph">{"@context":"https:\/\/schema.org","@graph":[{"@type":"WebPage","@id":"https:\/\/museu-angra.cultura.azores.gov.pt\/en\/events\/a-tertulia-4-ministerio-das-mulheres\/","url":"https:\/\/museu-angra.cultura.azores.gov.pt\/en\/events\/a-tertulia-4-ministerio-das-mulheres\/","name":"A TERTÚLIA\/4 - Ministério das Mulheres - Museum of Angra do Heroismo","isPartOf":{"@id":"https:\/\/museu-angra.cultura.azores.gov.pt\/en\/#website"},"datePublished":"2025-01-02T11:40:06+00:00","dateModified":"2025-12-31T15:14:45+00:00","breadcrumb":{"@id":"https:\/\/museu-angra.cultura.azores.gov.pt\/en\/events\/a-tertulia-4-ministerio-das-mulheres\/#breadcrumb"},"inLanguage":"en-US","potentialAction":[{"@type":"ReadAction","target":["https:\/\/museu-angra.cultura.azores.gov.pt\/en\/events\/a-tertulia-4-ministerio-das-mulheres\/"]}]},{"@type":"BreadcrumbList","@id":"https:\/\/museu-angra.cultura.azores.gov.pt\/en\/events\/a-tertulia-4-ministerio-das-mulheres\/#breadcrumb","itemListElement":[{"@type":"ListItem","position":1,"name":"Início","item":"https:\/\/museu-angra.cultura.azores.gov.pt\/en\/"},{"@type":"ListItem","position":2,"name":"Events","item":"https:\/\/museu-angra.cultura.azores.gov.pt\/en\/events\/"},{"@type":"ListItem","position":3,"name":"A TERTÚLIA\/4 &#8211; Ministério das Mulheres"}]},{"@type":"WebSite","@id":"https:\/\/museu-angra.cultura.azores.gov.pt\/en\/#website","url":"https:\/\/museu-angra.cultura.azores.gov.pt\/en\/","name":"Museu de Angra do Heroísmo","description":"Website do Museu de Angra do Heroismo.","publisher":{"@id":"https:\/\/museu-angra.cultura.azores.gov.pt\/en\/#organization"},"potentialAction":[{"@type":"SearchAction","target":{"@type":"EntryPoint","urlTemplate":"https:\/\/museu-angra.cultura.azores.gov.pt\/en\/?s={search_term_string}"},"query-input":{"@type":"PropertyValueSpecification","valueRequired":true,"valueName":"search_term_string"}}],"inLanguage":"en-US"},{"@type":"Organization","@id":"https:\/\/museu-angra.cultura.azores.gov.pt\/en\/#organization","name":"Museu de Angra do Heroísmo","url":"https:\/\/museu-angra.cultura.azores.gov.pt\/en\/","logo":{"@type":"ImageObject","inLanguage":"en-US","@id":"https:\/\/museu-angra.cultura.azores.gov.pt\/en\/#\/schema\/logo\/image\/","url":"https:\/\/museu-angra.cultura.azores.gov.pt\/wp-content\/uploads\/2024\/01\/MicrosoftTeams-image-1.png","contentUrl":"https:\/\/museu-angra.cultura.azores.gov.pt\/wp-content\/uploads\/2024\/01\/MicrosoftTeams-image-1.png","width":512,"height":512,"caption":"Museu de Angra do Heroísmo"},"image":{"@id":"https:\/\/museu-angra.cultura.azores.gov.pt\/en\/#\/schema\/logo\/image\/"},"sameAs":["https:\/\/www.facebook.com\/MuseuDeAngraDoHeroismo","https:\/\/www.instagram.com\/museu.angra\/"]}]}</script>
<!-- / Yoast SEO plugin. -->

A TERTÚLIA/4 - Ministério das Mulheres - Museum of Angra do Heroismo

Museum of Angra do HeroísmoCARMINA | Dimas Simas Lopes Contemporary Art Gallery, 9 pm &#13; In this fourth edition of A Tertúlia, curated and moderated by journalist Helena Fagundes, the aim is to highlight the role of women in Azorean society and their impact on it, emphasising their contributions in Science, Economics, Education and Culture. [&hellip;]

Início

Museu de Angra do Heroísmo
