{"id":19981,"date":"2025-05-22T11:50:35","date_gmt":"2025-05-22T11:50:35","guid":{"rendered":"https:\/\/museu-angra.cultura.azores.gov.pt\/events\/no-ugly-ducklings\/"},"modified":"2026-01-05T16:34:38","modified_gmt":"2026-01-05T17:34:38","slug":"no-ugly-ducklings","status":"publish","type":"event","link":"https:\/\/museu-angra.cultura.azores.gov.pt\/en\/events\/no-ugly-ducklings\/","title":{"rendered":"No Ugly Ducklings"},"content":{"rendered":"\n<p><p data-start=\"25\" data-end=\"329\">Exploration activity of the exhibition <em data-start=\"64\" data-end=\"79\">A Par e Passo<\/em>, which features works by young artists as part of the project of the same name, coordinated by Maria Ana Sim\u00f5es and promoted by CARITAS of Terceira Island in partnership with EBS Tom\u00e1s de Borba, with the support of the Museum of Angra do Hero\u00edsmo.<\/p>&#13;\n<p data-start=\"331\" data-end=\"367\" data-is-last-node=\"\" data-is-only-node=\"\">Target audience: Pre-school children<\/p><\/p>\n","protected":false},"excerpt":{"rendered":"<p>Exploration activity of the exhibition A Par e Passo, which features works by young artists as part of the project of the same name, coordinated by Maria Ana Sim\u00f5es and promoted by CARITAS of Terceira Island in partnership with EBS Tom\u00e1s de Borba, with the support of the Museum of Angra do Hero\u00edsmo. &#13; Target [&hellip;]<\/p>\n","protected":false},"template":"","class_list":["post-19981","event","type-event","status-publish","hentry"],"acf":[],"yoast_head":"<!-- This site is optimized with the Yoast SEO plugin v27.4 - https:\/\/yoast.com\/product\/yoast-seo-wordpress\/ -->\n<title>No Ugly Ducklings - Museum of Angra do Heroismo<\/title>\n<meta name=\"robots\" content=\"index, follow, max-snippet:-1, max-image-preview:large, max-video-preview:-1\" \/>\n<link rel=\"canonical\" href=\"https:\/\/museu-angra.cultura.azores.gov.pt\/en\/events\/no-ugly-ducklings\/\" \/>\n<meta property=\"og:locale\" content=\"en_US\" \/>\n<meta property=\"og:type\" content=\"article\" \/>\n<meta property=\"og:title\" content=\"No Ugly Ducklings - Museum of Angra do Heroismo\" \/>\n<meta property=\"og:description\" content=\"Exploration activity of the exhibition A Par e Passo, which features works by young artists as part of the project of the same name, coordinated by Maria Ana Sim\u00f5es and promoted by CARITAS of Terceira Island in partnership with EBS Tom\u00e1s de Borba, with the support of the Museum of Angra do Hero\u00edsmo. &#013; Target [&hellip;]\" \/>\n<meta property=\"og:url\" content=\"https:\/\/museu-angra.cultura.azores.gov.pt\/en\/events\/no-ugly-ducklings\/\" \/>\n<meta property=\"og:site_name\" content=\"Museum of Angra do Heroismo\" \/>\n<meta property=\"article:publisher\" content=\"https:\/\/www.facebook.com\/MuseuDeAngraDoHeroismo\" \/>\n<meta property=\"article:modified_time\" content=\"2026-01-05T17:34:38+00:00\" \/>\n<meta name=\"twitter:card\" content=\"summary_large_image\" \/>\n<script type=\"application\/ld+json\" class=\"yoast-schema-graph\">{\"@context\":\"https:\\\/\\\/schema.org\",\"@graph\":[{\"@type\":\"WebPage\",\"@id\":\"https:\\\/\\\/museu-angra.cultura.azores.gov.pt\\\/en\\\/events\\\/no-ugly-ducklings\\\/\",\"url\":\"https:\\\/\\\/museu-angra.cultura.azores.gov.pt\\\/en\\\/events\\\/no-ugly-ducklings\\\/\",\"name\":\"No Ugly Ducklings - Museum of Angra do Heroismo\",\"isPartOf\":{\"@id\":\"https:\\\/\\\/museu-angra.cultura.azores.gov.pt\\\/en\\\/#website\"},\"datePublished\":\"2025-05-22T11:50:35+00:00\",\"dateModified\":\"2026-01-05T17:34:38+00:00\",\"breadcrumb\":{\"@id\":\"https:\\\/\\\/museu-angra.cultura.azores.gov.pt\\\/en\\\/events\\\/no-ugly-ducklings\\\/#breadcrumb\"},\"inLanguage\":\"en-US\",\"potentialAction\":[{\"@type\":\"ReadAction\",\"target\":[\"https:\\\/\\\/museu-angra.cultura.azores.gov.pt\\\/en\\\/events\\\/no-ugly-ducklings\\\/\"]}]},{\"@type\":\"BreadcrumbList\",\"@id\":\"https:\\\/\\\/museu-angra.cultura.azores.gov.pt\\\/en\\\/events\\\/no-ugly-ducklings\\\/#breadcrumb\",\"itemListElement\":[{\"@type\":\"ListItem\",\"position\":1,\"name\":\"In\u00edcio\",\"item\":\"https:\\\/\\\/museu-angra.cultura.azores.gov.pt\\\/en\\\/\"},{\"@type\":\"ListItem\",\"position\":2,\"name\":\"Events\",\"item\":\"https:\\\/\\\/museu-angra.cultura.azores.gov.pt\\\/en\\\/events\\\/\"},{\"@type\":\"ListItem\",\"position\":3,\"name\":\"No Ugly Ducklings\"}]},{\"@type\":\"WebSite\",\"@id\":\"https:\\\/\\\/museu-angra.cultura.azores.gov.pt\\\/en\\\/#website\",\"url\":\"https:\\\/\\\/museu-angra.cultura.azores.gov.pt\\\/en\\\/\",\"name\":\"Museu de Angra do Hero\u00edsmo\",\"description\":\"Website do Museu de Angra do Heroismo.\",\"publisher\":{\"@id\":\"https:\\\/\\\/museu-angra.cultura.azores.gov.pt\\\/en\\\/#organization\"},\"potentialAction\":[{\"@type\":\"SearchAction\",\"target\":{\"@type\":\"EntryPoint\",\"urlTemplate\":\"https:\\\/\\\/museu-angra.cultura.azores.gov.pt\\\/en\\\/?s={search_term_string}\"},\"query-input\":{\"@type\":\"PropertyValueSpecification\",\"valueRequired\":true,\"valueName\":\"search_term_string\"}}],\"inLanguage\":\"en-US\"},{\"@type\":\"Organization\",\"@id\":\"https:\\\/\\\/museu-angra.cultura.azores.gov.pt\\\/en\\\/#organization\",\"name\":\"Museu de Angra do Hero\u00edsmo\",\"url\":\"https:\\\/\\\/museu-angra.cultura.azores.gov.pt\\\/en\\\/\",\"logo\":{\"@type\":\"ImageObject\",\"inLanguage\":\"en-US\",\"@id\":\"https:\\\/\\\/museu-angra.cultura.azores.gov.pt\\\/en\\\/#\\\/schema\\\/logo\\\/image\\\/\",\"url\":\"https:\\\/\\\/museu-angra.cultura.azores.gov.pt\\\/wp-content\\\/uploads\\\/2024\\\/01\\\/MicrosoftTeams-image-1.png\",\"contentUrl\":\"https:\\\/\\\/museu-angra.cultura.azores.gov.pt\\\/wp-content\\\/uploads\\\/2024\\\/01\\\/MicrosoftTeams-image-1.png\",\"width\":512,\"height\":512,\"caption\":\"Museu de Angra do Hero\u00edsmo\"},\"image\":{\"@id\":\"https:\\\/\\\/museu-angra.cultura.azores.gov.pt\\\/en\\\/#\\\/schema\\\/logo\\\/image\\\/\"},\"sameAs\":[\"https:\\\/\\\/www.facebook.com\\\/MuseuDeAngraDoHeroismo\",\"https:\\\/\\\/www.instagram.com\\\/museu.angra\\\/\"]}]}<\/script>\n<!-- \/ Yoast SEO plugin. -->","yoast_head_json":{"title":"No Ugly Ducklings - Museum of Angra do Heroismo","robots":{"index":"index","follow":"follow","max-snippet":"max-snippet:-1","max-image-preview":"max-image-preview:large","max-video-preview":"max-video-preview:-1"},"canonical":"https:\/\/museu-angra.cultura.azores.gov.pt\/en\/events\/no-ugly-ducklings\/","og_locale":"en_US","og_type":"article","og_title":"No Ugly Ducklings - Museum of Angra do Heroismo","og_description":"Exploration activity of the exhibition A Par e Passo, which features works by young artists as part of the project of the same name, coordinated by Maria Ana Sim\u00f5es and promoted by CARITAS of Terceira Island in partnership with EBS Tom\u00e1s de Borba, with the support of the Museum of Angra do Hero\u00edsmo. &#13; Target [&hellip;]","og_url":"https:\/\/museu-angra.cultura.azores.gov.pt\/en\/events\/no-ugly-ducklings\/","og_site_name":"Museum of Angra do Heroismo","article_publisher":"https:\/\/www.facebook.com\/MuseuDeAngraDoHeroismo","article_modified_time":"2026-01-05T17:34:38+00:00","twitter_card":"summary_large_image","schema":{"@context":"https:\/\/schema.org","@graph":[{"@type":"WebPage","@id":"https:\/\/museu-angra.cultura.azores.gov.pt\/en\/events\/no-ugly-ducklings\/","url":"https:\/\/museu-angra.cultura.azores.gov.pt\/en\/events\/no-ugly-ducklings\/","name":"No Ugly Ducklings - Museum of Angra do Heroismo","isPartOf":{"@id":"https:\/\/museu-angra.cultura.azores.gov.pt\/en\/#website"},"datePublished":"2025-05-22T11:50:35+00:00","dateModified":"2026-01-05T17:34:38+00:00","breadcrumb":{"@id":"https:\/\/museu-angra.cultura.azores.gov.pt\/en\/events\/no-ugly-ducklings\/#breadcrumb"},"inLanguage":"en-US","potentialAction":[{"@type":"ReadAction","target":["https:\/\/museu-angra.cultura.azores.gov.pt\/en\/events\/no-ugly-ducklings\/"]}]},{"@type":"BreadcrumbList","@id":"https:\/\/museu-angra.cultura.azores.gov.pt\/en\/events\/no-ugly-ducklings\/#breadcrumb","itemListElement":[{"@type":"ListItem","position":1,"name":"In\u00edcio","item":"https:\/\/museu-angra.cultura.azores.gov.pt\/en\/"},{"@type":"ListItem","position":2,"name":"Events","item":"https:\/\/museu-angra.cultura.azores.gov.pt\/en\/events\/"},{"@type":"ListItem","position":3,"name":"No Ugly Ducklings"}]},{"@type":"WebSite","@id":"https:\/\/museu-angra.cultura.azores.gov.pt\/en\/#website","url":"https:\/\/museu-angra.cultura.azores.gov.pt\/en\/","name":"Museu de Angra do Hero\u00edsmo","description":"Website do Museu de Angra do Heroismo.","publisher":{"@id":"https:\/\/museu-angra.cultura.azores.gov.pt\/en\/#organization"},"potentialAction":[{"@type":"SearchAction","target":{"@type":"EntryPoint","urlTemplate":"https:\/\/museu-angra.cultura.azores.gov.pt\/en\/?s={search_term_string}"},"query-input":{"@type":"PropertyValueSpecification","valueRequired":true,"valueName":"search_term_string"}}],"inLanguage":"en-US"},{"@type":"Organization","@id":"https:\/\/museu-angra.cultura.azores.gov.pt\/en\/#organization","name":"Museu de Angra do Hero\u00edsmo","url":"https:\/\/museu-angra.cultura.azores.gov.pt\/en\/","logo":{"@type":"ImageObject","inLanguage":"en-US","@id":"https:\/\/museu-angra.cultura.azores.gov.pt\/en\/#\/schema\/logo\/image\/","url":"https:\/\/museu-angra.cultura.azores.gov.pt\/wp-content\/uploads\/2024\/01\/MicrosoftTeams-image-1.png","contentUrl":"https:\/\/museu-angra.cultura.azores.gov.pt\/wp-content\/uploads\/2024\/01\/MicrosoftTeams-image-1.png","width":512,"height":512,"caption":"Museu de Angra do Hero\u00edsmo"},"image":{"@id":"https:\/\/museu-angra.cultura.azores.gov.pt\/en\/#\/schema\/logo\/image\/"},"sameAs":["https:\/\/www.facebook.com\/MuseuDeAngraDoHeroismo","https:\/\/www.instagram.com\/museu.angra\/"]}]}},"_links":{"self":[{"href":"https:\/\/museu-angra.cultura.azores.gov.pt\/en\/wp-json\/wp\/v2\/event\/19981","targetHints":{"allow":["GET"]}}],"collection":[{"href":"https:\/\/museu-angra.cultura.azores.gov.pt\/en\/wp-json\/wp\/v2\/event"}],"about":[{"href":"https:\/\/museu-angra.cultura.azores.gov.pt\/en\/wp-json\/wp\/v2\/types\/event"}],"wp:attachment":[{"href":"https:\/\/museu-angra.cultura.azores.gov.pt\/en\/wp-json\/wp\/v2\/media?parent=19981"}],"curies":[{"name":"wp","href":"https:\/\/api.w.org\/{rel}","templated":true}]}}

<p><p data-start="25" data-end="329">Exploration activity of the exhibition <em data-start="64" data-end="79">A Par e Passo</em>, which features works by young artists as part of the project of the same name, coordinated by Maria Ana Simões and promoted by CARITAS of Terceira Island in partnership with EBS Tomás de Borba, with the support of the Museum of Angra do Heroísmo.</p>&#13;
<p data-start="331" data-end="367" data-is-last-node="" data-is-only-node="">Target audience: Pre-school children</p></p>

<p>Exploration activity of the exhibition A Par e Passo, which features works by young artists as part of the project of the same name, coordinated by Maria Ana Simões and promoted by CARITAS of Terceira Island in partnership with EBS Tomás de Borba, with the support of the Museum of Angra do Heroísmo. &#13; Target [&hellip;]</p>

<!-- This site is optimized with the Yoast SEO plugin v27.4 - https://yoast.com/product/yoast-seo-wordpress/ -->
<title>No Ugly Ducklings - Museum of Angra do Heroismo</title>
<meta name="robots" content="index, follow, max-snippet:-1, max-image-preview:large, max-video-preview:-1" />
<link rel="canonical" href="https://museu-angra.cultura.azores.gov.pt/en/events/no-ugly-ducklings/" />
<meta property="og:locale" content="en_US" />
<meta property="og:type" content="article" />
<meta property="og:title" content="No Ugly Ducklings - Museum of Angra do Heroismo" />
<meta property="og:description" content="Exploration activity of the exhibition A Par e Passo, which features works by young artists as part of the project of the same name, coordinated by Maria Ana Simões and promoted by CARITAS of Terceira Island in partnership with EBS Tomás de Borba, with the support of the Museum of Angra do Heroísmo. &#013; Target [&hellip;]" />
<meta property="og:url" content="https://museu-angra.cultura.azores.gov.pt/en/events/no-ugly-ducklings/" />
<meta property="og:site_name" content="Museum of Angra do Heroismo" />
<meta property="article:publisher" content="https://www.facebook.com/MuseuDeAngraDoHeroismo" />
<meta property="article:modified_time" content="2026-01-05T17:34:38+00:00" />
<meta name="twitter:card" content="summary_large_image" />
<script type="application/ld+json" class="yoast-schema-graph">{"@context":"https:\/\/schema.org","@graph":[{"@type":"WebPage","@id":"https:\/\/museu-angra.cultura.azores.gov.pt\/en\/events\/no-ugly-ducklings\/","url":"https:\/\/museu-angra.cultura.azores.gov.pt\/en\/events\/no-ugly-ducklings\/","name":"No Ugly Ducklings - Museum of Angra do Heroismo","isPartOf":{"@id":"https:\/\/museu-angra.cultura.azores.gov.pt\/en\/#website"},"datePublished":"2025-05-22T11:50:35+00:00","dateModified":"2026-01-05T17:34:38+00:00","breadcrumb":{"@id":"https:\/\/museu-angra.cultura.azores.gov.pt\/en\/events\/no-ugly-ducklings\/#breadcrumb"},"inLanguage":"en-US","potentialAction":[{"@type":"ReadAction","target":["https:\/\/museu-angra.cultura.azores.gov.pt\/en\/events\/no-ugly-ducklings\/"]}]},{"@type":"BreadcrumbList","@id":"https:\/\/museu-angra.cultura.azores.gov.pt\/en\/events\/no-ugly-ducklings\/#breadcrumb","itemListElement":[{"@type":"ListItem","position":1,"name":"Início","item":"https:\/\/museu-angra.cultura.azores.gov.pt\/en\/"},{"@type":"ListItem","position":2,"name":"Events","item":"https:\/\/museu-angra.cultura.azores.gov.pt\/en\/events\/"},{"@type":"ListItem","position":3,"name":"No Ugly Ducklings"}]},{"@type":"WebSite","@id":"https:\/\/museu-angra.cultura.azores.gov.pt\/en\/#website","url":"https:\/\/museu-angra.cultura.azores.gov.pt\/en\/","name":"Museu de Angra do Heroísmo","description":"Website do Museu de Angra do Heroismo.","publisher":{"@id":"https:\/\/museu-angra.cultura.azores.gov.pt\/en\/#organization"},"potentialAction":[{"@type":"SearchAction","target":{"@type":"EntryPoint","urlTemplate":"https:\/\/museu-angra.cultura.azores.gov.pt\/en\/?s={search_term_string}"},"query-input":{"@type":"PropertyValueSpecification","valueRequired":true,"valueName":"search_term_string"}}],"inLanguage":"en-US"},{"@type":"Organization","@id":"https:\/\/museu-angra.cultura.azores.gov.pt\/en\/#organization","name":"Museu de Angra do Heroísmo","url":"https:\/\/museu-angra.cultura.azores.gov.pt\/en\/","logo":{"@type":"ImageObject","inLanguage":"en-US","@id":"https:\/\/museu-angra.cultura.azores.gov.pt\/en\/#\/schema\/logo\/image\/","url":"https:\/\/museu-angra.cultura.azores.gov.pt\/wp-content\/uploads\/2024\/01\/MicrosoftTeams-image-1.png","contentUrl":"https:\/\/museu-angra.cultura.azores.gov.pt\/wp-content\/uploads\/2024\/01\/MicrosoftTeams-image-1.png","width":512,"height":512,"caption":"Museu de Angra do Heroísmo"},"image":{"@id":"https:\/\/museu-angra.cultura.azores.gov.pt\/en\/#\/schema\/logo\/image\/"},"sameAs":["https:\/\/www.facebook.com\/MuseuDeAngraDoHeroismo","https:\/\/www.instagram.com\/museu.angra\/"]}]}</script>
<!-- / Yoast SEO plugin. -->

Exploration activity of the exhibition A Par e Passo, which features works by young artists as part of the project of the same name, coordinated by Maria Ana Simões and promoted by CARITAS of Terceira Island in partnership with EBS Tomás de Borba, with the support of the Museum of Angra do Heroísmo. &#13; Target [&hellip;]

Início

Museu de Angra do Heroísmo
