{"id":19246,"date":"2025-08-25T11:25:03","date_gmt":"2025-08-25T11:25:03","guid":{"rendered":"https:\/\/museu-angra.cultura.azores.gov.pt\/events\/presentation-concert-baroque-ensemble\/"},"modified":"2025-12-12T17:13:12","modified_gmt":"2025-12-12T18:13:12","slug":"presentation-concert-baroque-ensemble","status":"publish","type":"event","link":"https:\/\/museu-angra.cultura.azores.gov.pt\/en\/events\/presentation-concert-baroque-ensemble\/","title":{"rendered":"Presentation Concert \u2013 Baroque Ensemble"},"content":{"rendered":"\n<p>The Baroque Ensemble, a project of the Associa\u00e7\u00e3o de Amigos do Museu de Angra do Hero\u00edsmo, in collaboration with the Museum of Angra do Hero\u00edsmo (MAH), brings together the musicians Gustaaf van Manen (organ\/harpsichord), Rodrigo Santos Lima (flute), Ana Catarina Pinto (violin) and Orest Grytsiouk (cello) for a series of four Baroque music concerts, scheduled between September and December 2025, to be held at the S\u00e3o Francisco Building for the enjoyment of visitors and music lovers of the period. Beginning on 14 September, and with free admission, the programme continues with further concerts on 19 October, 9 November and 14 December.<\/p>\n\n<p>MUSEUM OF ANGRA DO HERO\u00cdSMO<br data-start=\"141\" data-end=\"144\"\/>S\u00c3O FRANCISCO BUILDING \u00b7 11:00 A.M.<br data-start=\"179\" data-end=\"182\"\/>Open Access<\/p>\n\n<p><\/p>\n","protected":false},"excerpt":{"rendered":"<p>The Baroque Ensemble, a project of the Associa\u00e7\u00e3o de Amigos do Museu de Angra do Hero\u00edsmo, in collaboration with the Museum of Angra do Hero\u00edsmo (MAH), brings together the musicians Gustaaf van Manen (organ\/harpsichord), Rodrigo Santos Lima (flute), Ana Catarina Pinto (violin) and Orest Grytsiouk (cello) for a series of four Baroque music concerts, scheduled [&hellip;]<\/p>\n","protected":false},"template":"","class_list":["post-19246","event","type-event","status-publish","hentry"],"acf":[],"yoast_head":"<!-- This site is optimized with the Yoast SEO plugin v27.4 - https:\/\/yoast.com\/product\/yoast-seo-wordpress\/ -->\n<title>Presentation Concert \u2013 Baroque Ensemble - Museum of Angra do Heroismo<\/title>\n<meta name=\"robots\" content=\"index, follow, max-snippet:-1, max-image-preview:large, max-video-preview:-1\" \/>\n<link rel=\"canonical\" href=\"https:\/\/museu-angra.cultura.azores.gov.pt\/en\/events\/presentation-concert-baroque-ensemble\/\" \/>\n<meta property=\"og:locale\" content=\"en_US\" \/>\n<meta property=\"og:type\" content=\"article\" \/>\n<meta property=\"og:title\" content=\"Presentation Concert \u2013 Baroque Ensemble - Museum of Angra do Heroismo\" \/>\n<meta property=\"og:description\" content=\"The Baroque Ensemble, a project of the Associa\u00e7\u00e3o de Amigos do Museu de Angra do Hero\u00edsmo, in collaboration with the Museum of Angra do Hero\u00edsmo (MAH), brings together the musicians Gustaaf van Manen (organ\/harpsichord), Rodrigo Santos Lima (flute), Ana Catarina Pinto (violin) and Orest Grytsiouk (cello) for a series of four Baroque music concerts, scheduled [&hellip;]\" \/>\n<meta property=\"og:url\" content=\"https:\/\/museu-angra.cultura.azores.gov.pt\/en\/events\/presentation-concert-baroque-ensemble\/\" \/>\n<meta property=\"og:site_name\" content=\"Museum of Angra do Heroismo\" \/>\n<meta property=\"article:publisher\" content=\"https:\/\/www.facebook.com\/MuseuDeAngraDoHeroismo\" \/>\n<meta property=\"article:modified_time\" content=\"2025-12-12T18:13:12+00:00\" \/>\n<meta name=\"twitter:card\" content=\"summary_large_image\" \/>\n<meta name=\"twitter:label1\" content=\"Est. reading time\" \/>\n\t<meta name=\"twitter:data1\" content=\"1 minute\" \/>\n<script type=\"application\/ld+json\" class=\"yoast-schema-graph\">{\"@context\":\"https:\\\/\\\/schema.org\",\"@graph\":[{\"@type\":\"WebPage\",\"@id\":\"https:\\\/\\\/museu-angra.cultura.azores.gov.pt\\\/en\\\/events\\\/presentation-concert-baroque-ensemble\\\/\",\"url\":\"https:\\\/\\\/museu-angra.cultura.azores.gov.pt\\\/en\\\/events\\\/presentation-concert-baroque-ensemble\\\/\",\"name\":\"Presentation Concert \u2013 Baroque Ensemble - Museum of Angra do Heroismo\",\"isPartOf\":{\"@id\":\"https:\\\/\\\/museu-angra.cultura.azores.gov.pt\\\/en\\\/#website\"},\"datePublished\":\"2025-08-25T11:25:03+00:00\",\"dateModified\":\"2025-12-12T18:13:12+00:00\",\"breadcrumb\":{\"@id\":\"https:\\\/\\\/museu-angra.cultura.azores.gov.pt\\\/en\\\/events\\\/presentation-concert-baroque-ensemble\\\/#breadcrumb\"},\"inLanguage\":\"en-US\",\"potentialAction\":[{\"@type\":\"ReadAction\",\"target\":[\"https:\\\/\\\/museu-angra.cultura.azores.gov.pt\\\/en\\\/events\\\/presentation-concert-baroque-ensemble\\\/\"]}]},{\"@type\":\"BreadcrumbList\",\"@id\":\"https:\\\/\\\/museu-angra.cultura.azores.gov.pt\\\/en\\\/events\\\/presentation-concert-baroque-ensemble\\\/#breadcrumb\",\"itemListElement\":[{\"@type\":\"ListItem\",\"position\":1,\"name\":\"In\u00edcio\",\"item\":\"https:\\\/\\\/museu-angra.cultura.azores.gov.pt\\\/en\\\/\"},{\"@type\":\"ListItem\",\"position\":2,\"name\":\"Events\",\"item\":\"https:\\\/\\\/museu-angra.cultura.azores.gov.pt\\\/en\\\/events\\\/\"},{\"@type\":\"ListItem\",\"position\":3,\"name\":\"Presentation Concert \u2013 Baroque Ensemble\"}]},{\"@type\":\"WebSite\",\"@id\":\"https:\\\/\\\/museu-angra.cultura.azores.gov.pt\\\/en\\\/#website\",\"url\":\"https:\\\/\\\/museu-angra.cultura.azores.gov.pt\\\/en\\\/\",\"name\":\"Museu de Angra do Hero\u00edsmo\",\"description\":\"Website do Museu de Angra do Heroismo.\",\"publisher\":{\"@id\":\"https:\\\/\\\/museu-angra.cultura.azores.gov.pt\\\/en\\\/#organization\"},\"potentialAction\":[{\"@type\":\"SearchAction\",\"target\":{\"@type\":\"EntryPoint\",\"urlTemplate\":\"https:\\\/\\\/museu-angra.cultura.azores.gov.pt\\\/en\\\/?s={search_term_string}\"},\"query-input\":{\"@type\":\"PropertyValueSpecification\",\"valueRequired\":true,\"valueName\":\"search_term_string\"}}],\"inLanguage\":\"en-US\"},{\"@type\":\"Organization\",\"@id\":\"https:\\\/\\\/museu-angra.cultura.azores.gov.pt\\\/en\\\/#organization\",\"name\":\"Museu de Angra do Hero\u00edsmo\",\"url\":\"https:\\\/\\\/museu-angra.cultura.azores.gov.pt\\\/en\\\/\",\"logo\":{\"@type\":\"ImageObject\",\"inLanguage\":\"en-US\",\"@id\":\"https:\\\/\\\/museu-angra.cultura.azores.gov.pt\\\/en\\\/#\\\/schema\\\/logo\\\/image\\\/\",\"url\":\"https:\\\/\\\/museu-angra.cultura.azores.gov.pt\\\/wp-content\\\/uploads\\\/2024\\\/01\\\/MicrosoftTeams-image-1.png\",\"contentUrl\":\"https:\\\/\\\/museu-angra.cultura.azores.gov.pt\\\/wp-content\\\/uploads\\\/2024\\\/01\\\/MicrosoftTeams-image-1.png\",\"width\":512,\"height\":512,\"caption\":\"Museu de Angra do Hero\u00edsmo\"},\"image\":{\"@id\":\"https:\\\/\\\/museu-angra.cultura.azores.gov.pt\\\/en\\\/#\\\/schema\\\/logo\\\/image\\\/\"},\"sameAs\":[\"https:\\\/\\\/www.facebook.com\\\/MuseuDeAngraDoHeroismo\",\"https:\\\/\\\/www.instagram.com\\\/museu.angra\\\/\"]}]}<\/script>\n<!-- \/ Yoast SEO plugin. -->","yoast_head_json":{"title":"Presentation Concert \u2013 Baroque Ensemble - Museum of Angra do Heroismo","robots":{"index":"index","follow":"follow","max-snippet":"max-snippet:-1","max-image-preview":"max-image-preview:large","max-video-preview":"max-video-preview:-1"},"canonical":"https:\/\/museu-angra.cultura.azores.gov.pt\/en\/events\/presentation-concert-baroque-ensemble\/","og_locale":"en_US","og_type":"article","og_title":"Presentation Concert \u2013 Baroque Ensemble - Museum of Angra do Heroismo","og_description":"The Baroque Ensemble, a project of the Associa\u00e7\u00e3o de Amigos do Museu de Angra do Hero\u00edsmo, in collaboration with the Museum of Angra do Hero\u00edsmo (MAH), brings together the musicians Gustaaf van Manen (organ\/harpsichord), Rodrigo Santos Lima (flute), Ana Catarina Pinto (violin) and Orest Grytsiouk (cello) for a series of four Baroque music concerts, scheduled [&hellip;]","og_url":"https:\/\/museu-angra.cultura.azores.gov.pt\/en\/events\/presentation-concert-baroque-ensemble\/","og_site_name":"Museum of Angra do Heroismo","article_publisher":"https:\/\/www.facebook.com\/MuseuDeAngraDoHeroismo","article_modified_time":"2025-12-12T18:13:12+00:00","twitter_card":"summary_large_image","twitter_misc":{"Est. reading time":"1 minute"},"schema":{"@context":"https:\/\/schema.org","@graph":[{"@type":"WebPage","@id":"https:\/\/museu-angra.cultura.azores.gov.pt\/en\/events\/presentation-concert-baroque-ensemble\/","url":"https:\/\/museu-angra.cultura.azores.gov.pt\/en\/events\/presentation-concert-baroque-ensemble\/","name":"Presentation Concert \u2013 Baroque Ensemble - Museum of Angra do Heroismo","isPartOf":{"@id":"https:\/\/museu-angra.cultura.azores.gov.pt\/en\/#website"},"datePublished":"2025-08-25T11:25:03+00:00","dateModified":"2025-12-12T18:13:12+00:00","breadcrumb":{"@id":"https:\/\/museu-angra.cultura.azores.gov.pt\/en\/events\/presentation-concert-baroque-ensemble\/#breadcrumb"},"inLanguage":"en-US","potentialAction":[{"@type":"ReadAction","target":["https:\/\/museu-angra.cultura.azores.gov.pt\/en\/events\/presentation-concert-baroque-ensemble\/"]}]},{"@type":"BreadcrumbList","@id":"https:\/\/museu-angra.cultura.azores.gov.pt\/en\/events\/presentation-concert-baroque-ensemble\/#breadcrumb","itemListElement":[{"@type":"ListItem","position":1,"name":"In\u00edcio","item":"https:\/\/museu-angra.cultura.azores.gov.pt\/en\/"},{"@type":"ListItem","position":2,"name":"Events","item":"https:\/\/museu-angra.cultura.azores.gov.pt\/en\/events\/"},{"@type":"ListItem","position":3,"name":"Presentation Concert \u2013 Baroque Ensemble"}]},{"@type":"WebSite","@id":"https:\/\/museu-angra.cultura.azores.gov.pt\/en\/#website","url":"https:\/\/museu-angra.cultura.azores.gov.pt\/en\/","name":"Museu de Angra do Hero\u00edsmo","description":"Website do Museu de Angra do Heroismo.","publisher":{"@id":"https:\/\/museu-angra.cultura.azores.gov.pt\/en\/#organization"},"potentialAction":[{"@type":"SearchAction","target":{"@type":"EntryPoint","urlTemplate":"https:\/\/museu-angra.cultura.azores.gov.pt\/en\/?s={search_term_string}"},"query-input":{"@type":"PropertyValueSpecification","valueRequired":true,"valueName":"search_term_string"}}],"inLanguage":"en-US"},{"@type":"Organization","@id":"https:\/\/museu-angra.cultura.azores.gov.pt\/en\/#organization","name":"Museu de Angra do Hero\u00edsmo","url":"https:\/\/museu-angra.cultura.azores.gov.pt\/en\/","logo":{"@type":"ImageObject","inLanguage":"en-US","@id":"https:\/\/museu-angra.cultura.azores.gov.pt\/en\/#\/schema\/logo\/image\/","url":"https:\/\/museu-angra.cultura.azores.gov.pt\/wp-content\/uploads\/2024\/01\/MicrosoftTeams-image-1.png","contentUrl":"https:\/\/museu-angra.cultura.azores.gov.pt\/wp-content\/uploads\/2024\/01\/MicrosoftTeams-image-1.png","width":512,"height":512,"caption":"Museu de Angra do Hero\u00edsmo"},"image":{"@id":"https:\/\/museu-angra.cultura.azores.gov.pt\/en\/#\/schema\/logo\/image\/"},"sameAs":["https:\/\/www.facebook.com\/MuseuDeAngraDoHeroismo","https:\/\/www.instagram.com\/museu.angra\/"]}]}},"_links":{"self":[{"href":"https:\/\/museu-angra.cultura.azores.gov.pt\/en\/wp-json\/wp\/v2\/event\/19246","targetHints":{"allow":["GET"]}}],"collection":[{"href":"https:\/\/museu-angra.cultura.azores.gov.pt\/en\/wp-json\/wp\/v2\/event"}],"about":[{"href":"https:\/\/museu-angra.cultura.azores.gov.pt\/en\/wp-json\/wp\/v2\/types\/event"}],"wp:attachment":[{"href":"https:\/\/museu-angra.cultura.azores.gov.pt\/en\/wp-json\/wp\/v2\/media?parent=19246"}],"curies":[{"name":"wp","href":"https:\/\/api.w.org\/{rel}","templated":true}]}}

<p>The Baroque Ensemble, a project of the Associação de Amigos do Museu de Angra do Heroísmo, in collaboration with the Museum of Angra do Heroísmo (MAH), brings together the musicians Gustaaf van Manen (organ/harpsichord), Rodrigo Santos Lima (flute), Ana Catarina Pinto (violin) and Orest Grytsiouk (cello) for a series of four Baroque music concerts, scheduled between September and December 2025, to be held at the São Francisco Building for the enjoyment of visitors and music lovers of the period. Beginning on 14 September, and with free admission, the programme continues with further concerts on 19 October, 9 November and 14 December.</p>

<p>MUSEUM OF ANGRA DO HEROÍSMO<br data-start="141" data-end="144"/>SÃO FRANCISCO BUILDING · 11:00 A.M.<br data-start="179" data-end="182"/>Open Access</p>

<p></p>

<p>The Baroque Ensemble, a project of the Associação de Amigos do Museu de Angra do Heroísmo, in collaboration with the Museum of Angra do Heroísmo (MAH), brings together the musicians Gustaaf van Manen (organ/harpsichord), Rodrigo Santos Lima (flute), Ana Catarina Pinto (violin) and Orest Grytsiouk (cello) for a series of four Baroque music concerts, scheduled [&hellip;]</p>

<!-- This site is optimized with the Yoast SEO plugin v27.4 - https://yoast.com/product/yoast-seo-wordpress/ -->
<title>Presentation Concert – Baroque Ensemble - Museum of Angra do Heroismo</title>
<meta name="robots" content="index, follow, max-snippet:-1, max-image-preview:large, max-video-preview:-1" />
<link rel="canonical" href="https://museu-angra.cultura.azores.gov.pt/en/events/presentation-concert-baroque-ensemble/" />
<meta property="og:locale" content="en_US" />
<meta property="og:type" content="article" />
<meta property="og:title" content="Presentation Concert – Baroque Ensemble - Museum of Angra do Heroismo" />
<meta property="og:description" content="The Baroque Ensemble, a project of the Associação de Amigos do Museu de Angra do Heroísmo, in collaboration with the Museum of Angra do Heroísmo (MAH), brings together the musicians Gustaaf van Manen (organ/harpsichord), Rodrigo Santos Lima (flute), Ana Catarina Pinto (violin) and Orest Grytsiouk (cello) for a series of four Baroque music concerts, scheduled [&hellip;]" />
<meta property="og:url" content="https://museu-angra.cultura.azores.gov.pt/en/events/presentation-concert-baroque-ensemble/" />
<meta property="og:site_name" content="Museum of Angra do Heroismo" />
<meta property="article:publisher" content="https://www.facebook.com/MuseuDeAngraDoHeroismo" />
<meta property="article:modified_time" content="2025-12-12T18:13:12+00:00" />
<meta name="twitter:card" content="summary_large_image" />
<meta name="twitter:label1" content="Est. reading time" />
	<meta name="twitter:data1" content="1 minute" />
<script type="application/ld+json" class="yoast-schema-graph">{"@context":"https:\/\/schema.org","@graph":[{"@type":"WebPage","@id":"https:\/\/museu-angra.cultura.azores.gov.pt\/en\/events\/presentation-concert-baroque-ensemble\/","url":"https:\/\/museu-angra.cultura.azores.gov.pt\/en\/events\/presentation-concert-baroque-ensemble\/","name":"Presentation Concert – Baroque Ensemble - Museum of Angra do Heroismo","isPartOf":{"@id":"https:\/\/museu-angra.cultura.azores.gov.pt\/en\/#website"},"datePublished":"2025-08-25T11:25:03+00:00","dateModified":"2025-12-12T18:13:12+00:00","breadcrumb":{"@id":"https:\/\/museu-angra.cultura.azores.gov.pt\/en\/events\/presentation-concert-baroque-ensemble\/#breadcrumb"},"inLanguage":"en-US","potentialAction":[{"@type":"ReadAction","target":["https:\/\/museu-angra.cultura.azores.gov.pt\/en\/events\/presentation-concert-baroque-ensemble\/"]}]},{"@type":"BreadcrumbList","@id":"https:\/\/museu-angra.cultura.azores.gov.pt\/en\/events\/presentation-concert-baroque-ensemble\/#breadcrumb","itemListElement":[{"@type":"ListItem","position":1,"name":"Início","item":"https:\/\/museu-angra.cultura.azores.gov.pt\/en\/"},{"@type":"ListItem","position":2,"name":"Events","item":"https:\/\/museu-angra.cultura.azores.gov.pt\/en\/events\/"},{"@type":"ListItem","position":3,"name":"Presentation Concert – Baroque Ensemble"}]},{"@type":"WebSite","@id":"https:\/\/museu-angra.cultura.azores.gov.pt\/en\/#website","url":"https:\/\/museu-angra.cultura.azores.gov.pt\/en\/","name":"Museu de Angra do Heroísmo","description":"Website do Museu de Angra do Heroismo.","publisher":{"@id":"https:\/\/museu-angra.cultura.azores.gov.pt\/en\/#organization"},"potentialAction":[{"@type":"SearchAction","target":{"@type":"EntryPoint","urlTemplate":"https:\/\/museu-angra.cultura.azores.gov.pt\/en\/?s={search_term_string}"},"query-input":{"@type":"PropertyValueSpecification","valueRequired":true,"valueName":"search_term_string"}}],"inLanguage":"en-US"},{"@type":"Organization","@id":"https:\/\/museu-angra.cultura.azores.gov.pt\/en\/#organization","name":"Museu de Angra do Heroísmo","url":"https:\/\/museu-angra.cultura.azores.gov.pt\/en\/","logo":{"@type":"ImageObject","inLanguage":"en-US","@id":"https:\/\/museu-angra.cultura.azores.gov.pt\/en\/#\/schema\/logo\/image\/","url":"https:\/\/museu-angra.cultura.azores.gov.pt\/wp-content\/uploads\/2024\/01\/MicrosoftTeams-image-1.png","contentUrl":"https:\/\/museu-angra.cultura.azores.gov.pt\/wp-content\/uploads\/2024\/01\/MicrosoftTeams-image-1.png","width":512,"height":512,"caption":"Museu de Angra do Heroísmo"},"image":{"@id":"https:\/\/museu-angra.cultura.azores.gov.pt\/en\/#\/schema\/logo\/image\/"},"sameAs":["https:\/\/www.facebook.com\/MuseuDeAngraDoHeroismo","https:\/\/www.instagram.com\/museu.angra\/"]}]}</script>
<!-- / Yoast SEO plugin. -->

The Baroque Ensemble, a project of the Associação de Amigos do Museu de Angra do Heroísmo, in collaboration with the Museum of Angra do Heroísmo (MAH), brings together the musicians Gustaaf van Manen (organ/harpsichord), Rodrigo Santos Lima (flute), Ana Catarina Pinto (violin) and Orest Grytsiouk (cello) for a series of four Baroque music concerts, scheduled [&hellip;]

Início

Museu de Angra do Heroísmo
